958
CDUS46 KMFR 260836
CLIRBG


CLIMATE REPORT
NATIONAL WEATHER SERVICE MEDFORD, OR
136 AM PDT SAT MAY 26 2018


...................................

...THE ROSEBURG OR CLIMATE SUMMARY FOR MAY 25 2018...

CLIMATE NORMAL PERIOD 1981 TO 2010
CLIMATE RECORD PERIOD 1931 TO 2018


WEATHER ITEM   OBSERVED TIME   RECORD YEAR NORMAL DEPARTURE LAST
                VALUE   (LST)  VALUE       VALUE  FROM      YEAR
                                                  NORMAL
..................................................................
TEMPERATURE (F)
 YESTERDAY
  MAXIMUM         62   1241 AM  95    1938  72    -10       75
  MINIMUM         50   1159 PM  37    1964  49      1       47
  AVERAGE         56                        60     -4       61

PRECIPITATION (IN)
  YESTERDAY        T             1.01 1946   0.06  -0.06     0.00
  MONTH TO DATE    0.27                      1.89  -1.62     1.14
  SINCE OCT 1     21.04                     32.90 -11.86    41.55
  SINCE JAN 1     12.67                     17.25  -4.58    22.63

SNOWFALL (IN)
  YESTERDAY       MM                        MM     MM       MM
  MONTH TO DATE    0.0                      MM     MM       MM
  SINCE JUL 1      0.0                      MM     MM       MM
  SNOW DEPTH      MM

DEGREE DAYS
 HEATING
  YESTERDAY        9                         6      3        4
  MONTH TO DATE   70                       187   -117      152
  SINCE MAR 1    938                      1082   -144      965
  SINCE JUL 1   3692                      3951   -259     3681

 COOLING
  YESTERDAY        0                         1     -1        0
  MONTH TO DATE   16                        13      3       36
  SINCE MAR 1     22                        14      8       36
  SINCE JAN 1     22                        14      8       36
..................................................................


WIND (MPH)
  RESULTANT WIND SPEED   3   RESULTANT WIND DIRECTION   N (360)
  HIGHEST WIND SPEED    10   HIGHEST WIND DIRECTION    NW (320)
  HIGHEST GUST SPEED    14   HIGHEST GUST DIRECTION    NW (310)
  AVERAGE WIND SPEED     4.4


SKY COVER
  POSSIBLE SUNSHINE  MM
  AVERAGE SKY COVER 1.0


WEATHER CONDITIONS
 THE FOLLOWING WEATHER WAS RECORDED YESTERDAY.
  LIGHT RAIN
  FOG
  HAZE


RELATIVE HUMIDITY (PERCENT)
 HIGHEST    86           700 AM
 LOWEST     66           800 PM
 AVERAGE    76

..........................................................


THE ROSEBURG OR CLIMATE NORMALS FOR TODAY
                         NORMAL    RECORD    YEAR
 MAXIMUM TEMPERATURE (F)   72        95      2005
 MINIMUM TEMPERATURE (F)   49        37      1954


SUNRISE AND SUNSET
MAY 26 2018...........SUNRISE   540 AM PDT   SUNSET   842 PM PDT
MAY 27 2018...........SUNRISE   539 AM PDT   SUNSET   843 PM PDT


-  INDICATES NEGATIVE NUMBERS.
R  INDICATES RECORD WAS SET OR TIED.
MM INDICATES DATA IS MISSING.
T  INDICATES TRACE AMOUNT.




$$
