000
CDUS41 KPHI 200554
CLIRDG


CLIMATE REPORT
NATIONAL WEATHER SERVICE MOUNT HOLLY NJ
154 AM EDT FRI APR 20 2018


...................................

...THE READING PA CLIMATE SUMMARY FOR APRIL 19 2018...

CLIMATE NORMAL PERIOD 1981 TO 2010
CLIMATE RECORD PERIOD 1869 TO 2018


WEATHER ITEM   OBSERVED TIME   RECORD YEAR NORMAL DEPARTURE LAST
                VALUE   (LST)  VALUE       VALUE  FROM      YEAR
                                                  NORMAL
..................................................................
TEMPERATURE (F)
 YESTERDAY
  MAXIMUM         48    256 PM  97    1976  64    -16       58
  MINIMUM         37   1154 PM  27    2001  42     -5       46
  AVERAGE         43                        53    -10       52

PRECIPITATION (IN)
  YESTERDAY        0.21          1.22 1943   0.13   0.08     0.00
  MONTH TO DATE    2.21                      2.48  -0.27     1.41
  SINCE MAR 1      4.89                      5.96  -1.07     5.43
  SINCE JAN 1     13.67                     11.49   2.18     8.82

DEGREE DAYS
 HEATING
  YESTERDAY       22                        13      9       13
  MONTH TO DATE  376                       293     83      176
  SINCE MAR 1   1200                      1036    164      970
  SINCE JUL 1   4989                      5078    -89     4332

 COOLING
  YESTERDAY        0                         0      0        0
  MONTH TO DATE   10                         0     10        6
  SINCE MAR 1     10                         0     10        6
  SINCE JAN 1     11                         0     11        6
..................................................................


WIND (MPH)
  HIGHEST WIND SPEED    28   HIGHEST WIND DIRECTION    NW (300)
  HIGHEST GUST SPEED    35   HIGHEST GUST DIRECTION    NW (310)
  AVERAGE WIND SPEED    11.3


SKY COVER
  POSSIBLE SUNSHINE  MM
  AVERAGE SKY COVER 0.9


WEATHER CONDITIONS
 THE FOLLOWING WEATHER WAS RECORDED YESTERDAY.
  RAIN
  LIGHT RAIN
  FOG


RELATIVE HUMIDITY (PERCENT)
 HIGHEST   100           500 AM
 LOWEST     55           800 PM
 AVERAGE    78

..........................................................


THE READING PA CLIMATE NORMALS FOR TODAY
                         NORMAL    RECORD    YEAR
 MAXIMUM TEMPERATURE (F)   64        94      1976
 MINIMUM TEMPERATURE (F)   42        26      1904


SUNRISE AND SUNSET
APRIL 20 2018.........SUNRISE   618 AM EDT   SUNSET   748 PM EDT
APRIL 21 2018.........SUNRISE   617 AM EDT   SUNSET   749 PM EDT


-  INDICATES NEGATIVE NUMBERS.
R  INDICATES RECORD WAS SET OR TIED.
MM INDICATES DATA IS MISSING.
T  INDICATES TRACE AMOUNT.




$$
