000
CDUS46 KPDT 260837
CLIRDM

CLIMATE REPORT
NATIONAL WEATHER SERVICE PENDLETON OR
135 AM PDT THU APR 26 2018


...................................

...THE REDMOND OR CLIMATE SUMMARY FOR APRIL 25 2018...

CLIMATE NORMAL PERIOD 1981 TO 2010
CLIMATE RECORD PERIOD 1949 TO 2018


WEATHER ITEM   OBSERVED TIME   RECORD YEAR NORMAL DEPARTURE LAST
                VALUE   (LST)  VALUE       VALUE  FROM      YEAR
                                                  NORMAL
..................................................................
TEMPERATURE (F)
 YESTERDAY
  MAXIMUM         85R   255 PM  77    1977  62     23       52
  MINIMUM         33    530 AM  18    1975  30      3       22
  AVERAGE         59                        46     13       37

PRECIPITATION (IN)
  YESTERDAY        0.00          0.95 1978   0.03  -0.03      T
  MONTH TO DATE    0.52                      0.60  -0.08     0.84
  SINCE OCT 1      2.84                      5.64  -2.80     7.92
  SINCE JAN 1      1.73                      2.88  -1.15     4.17

DEGREE DAYS
 HEATING
  YESTERDAY        6                        19    -13       28
  MONTH TO DATE  485                       528    -43      544
  SINCE MAR 1   1256                      1306    -50     1221
  SINCE JUL 1   5686                      5979   -293     6098

 COOLING
  YESTERDAY        0                         0      0        0
  MONTH TO DATE    0                         0      0        0
  SINCE MAR 1      0                         0      0        0
  SINCE JAN 1      0                         0      0        0
..................................................................


WIND (MPH)
  RESULTANT WIND SPEED   3   RESULTANT WIND DIRECTION   N (350)
  HIGHEST WIND SPEED    17   HIGHEST WIND DIRECTION     N (20)
  HIGHEST GUST SPEED    21   HIGHEST GUST DIRECTION     N (20)
  AVERAGE WIND SPEED     6.1


SKY COVER
  POSSIBLE SUNSHINE  MM
  AVERAGE SKY COVER 0.0


WEATHER CONDITIONS
 THE FOLLOWING WEATHER WAS RECORDED YESTERDAY.
  NO SIGNIFICANT WEATHER WAS OBSERVED.


RELATIVE HUMIDITY (PERCENT)
 HIGHEST    75           400 AM
 LOWEST     13          1200 PM
 AVERAGE    44

..........................................................


THE REDMOND OR CLIMATE NORMALS FOR TODAY
                         NORMAL    RECORD    YEAR
 MAXIMUM TEMPERATURE (F)   62        84      2004
 MINIMUM TEMPERATURE (F)   31        20      1984


SUNRISE AND SUNSET
APRIL 26 2018.........SUNRISE   603 AM PDT   SUNSET   803 PM PDT
APRIL 27 2018.........SUNRISE   601 AM PDT   SUNSET   804 PM PDT


-  INDICATES NEGATIVE NUMBERS.
R  INDICATES RECORD WAS SET OR TIED.
MM INDICATES DATA IS MISSING.
T  INDICATES TRACE AMOUNT.




$$
