000
CDUS43 KGRB 192124
CLIRHI


CLIMATE REPORT
NATIONAL WEATHER SERVICE GREEN BAY
424 PM CDT THU APR 19 2018


...................................

...THE RHINELANDER WI CLIMATE SUMMARY FOR APRIL 19 2018...
VALID TODAY AS OF 0400 PM LOCAL TIME.

CLIMATE NORMAL PERIOD 1981 TO 2010
CLIMATE RECORD PERIOD 1908 TO 2018


WEATHER ITEM   OBSERVED TIME   RECORD YEAR NORMAL DEPARTURE LAST
                VALUE   (LST)  VALUE       VALUE  FROM      YEAR
                                                  NORMAL
..................................................................
TEMPERATURE (F)
 TODAY
  MAXIMUM         52    259 PM  79    1915  56     -4       52
  MINIMUM         26    523 AM  14    1947  31     -5       38
  AVERAGE         39                        43     -4       45

PRECIPITATION (IN)
  TODAY            0.00          0.74 1963   0.08  -0.08     0.66
  MONTH TO DATE    2.52                      1.53   0.99     4.66
  SINCE MAR 1      4.37                      3.10   1.27     5.87
  SINCE JAN 1      6.66                      5.14   1.52     9.23

SNOWFALL (IN)
  TODAY            0.0           4.0  1925  MM     MM        0.0
  MONTH TO DATE   27.8                      MM     MM        5.4
  SINCE MAR 1     44.3                      MM     MM       11.2
  SINCE JUL 1     99.9                      MM     MM       62.7
  SNOW DEPTH      MM

DEGREE DAYS
 HEATING
  TODAY           26                        22      4       20
  MONTH TO DATE  754                       492    262      382
  SINCE MAR 1   1994                      1665    329     1534
  SINCE JUL 1   8569                      8287    282     7045

 COOLING
  TODAY            0                         0      0        0
  MONTH TO DATE    0                         0      0        0
  SINCE MAR 1      0                         0      0        0
  SINCE JAN 1      0                         0      0        0
..................................................................


WIND (MPH)
  HIGHEST WIND SPEED    14   HIGHEST WIND DIRECTION     N (10)
  HIGHEST GUST SPEED    23   HIGHEST GUST DIRECTION     N (10)
  AVERAGE WIND SPEED     6.1


SKY COVER
  POSSIBLE SUNSHINE  MM
  AVERAGE SKY COVER 0.0


WEATHER CONDITIONS
 THE FOLLOWING WEATHER WAS RECORDED TODAY.
  HAZE


RELATIVE HUMIDITY (PERCENT)
 HIGHEST    68           300 AM
 LOWEST     13           200 PM
 AVERAGE    41

..........................................................


THE RHINELANDER WI CLIMATE NORMALS FOR TOMORROW
                         NORMAL    RECORD    YEAR
 MAXIMUM TEMPERATURE (F)   56        85      1987
 MINIMUM TEMPERATURE (F)   32         5      1928


SUNRISE AND SUNSET
APRIL 19 2018.........SUNRISE   605 AM CDT   SUNSET   749 PM CDT
APRIL 20 2018.........SUNRISE   603 AM CDT   SUNSET   751 PM CDT


-  INDICATES NEGATIVE NUMBERS.
R  INDICATES RECORD WAS SET OR TIED.
MM INDICATES DATA IS MISSING.
T  INDICATES TRACE AMOUNT.




$$
