000
CDUS46 KSGX 221135
CLIRNM


CLIMATE REPORT
NATIONAL WEATHER SERVICE SAN DIEGO, CA
434 AM PDT SUN APR 22 2018


...................................

...THE RAMONA AIRPORT CA CLIMATE SUMMARY FOR APRIL 21 2018...

CLIMATE NORMAL PERIOD 1981 TO 2010
CLIMATE RECORD PERIOD 1974 TO 2018


WEATHER ITEM   OBSERVED TIME   RECORD YEAR NORMAL DEPARTURE LAST
                VALUE   (LST)  VALUE       VALUE  FROM      YEAR
                                                  NORMAL
..................................................................
TEMPERATURE (F)
 YESTERDAY
  MAXIMUM         87    202 PM  94    2009  71     16       93
  MINIMUM         39    530 AM  33    2002  43     -4       44
                                      1974
  AVERAGE         63                        57      6       69

PRECIPITATION (IN)
  YESTERDAY        0.00          0.70 2001   0.05  -0.05     0.00
  MONTH TO DATE    0.02                      0.98  -0.96      T
  SINCE OCT 1      5.58                     14.63  -9.05    21.58
  SINCE JAN 1      5.54                     10.49  -4.95    14.56

DEGREE DAYS
 HEATING
  YESTERDAY        2                         8     -6        0
  MONTH TO DATE  123                       209    -86      124
  SINCE MAR 1    445                       584   -139      351
  SINCE JUL 1   1563                      2325   -762     1786

 COOLING
  YESTERDAY        0                         0      0        4
  MONTH TO DATE   10                         0     10        4
  SINCE MAR 1     10                         0     10        7
  SINCE JAN 1     26                         1     25        7
..................................................................


WIND (MPH)
  RESULTANT WIND SPEED   4   RESULTANT WIND DIRECTION   W (280)
  HIGHEST WIND SPEED    17   HIGHEST WIND DIRECTION    NW (300)
  HIGHEST GUST SPEED    22   HIGHEST GUST DIRECTION    NW (300)
  AVERAGE WIND SPEED     4.5


SKY COVER
  POSSIBLE SUNSHINE  MM
  AVERAGE SKY COVER 0.0


WEATHER CONDITIONS
 THE FOLLOWING WEATHER WAS RECORDED YESTERDAY.
  NO SIGNIFICANT WEATHER WAS OBSERVED.


RELATIVE HUMIDITY (PERCENT)
 HIGHEST    93          1200 AM
 LOWEST     16           300 PM
 AVERAGE    55

..........................................................


THE RAMONA AIRPORT CA CLIMATE NORMALS FOR TODAY
                         NORMAL    RECORD    YEAR
 MAXIMUM TEMPERATURE (F)   71        91      2017
 MINIMUM TEMPERATURE (F)   43        33      2001


SUNRISE AND SUNSET
APRIL 22 2018.........SUNRISE   610 AM PDT   SUNSET   723 PM PDT
APRIL 23 2018.........SUNRISE   608 AM PDT   SUNSET   724 PM PDT


-  INDICATES NEGATIVE NUMBERS.
R  INDICATES RECORD WAS SET OR TIED.
MM INDICATES DATA IS MISSING.
T  INDICATES TRACE AMOUNT.




$$
