000
CDUS45 KREV 260842
CLIRNO


CLIMATE REPORT
NATIONAL WEATHER SERVICE RENO NV
141 AM PDT THU APR 26 2018


...................................

...THE RENO-TAHOE INTL AIRPORT NV CLIMATE SUMMARY FOR APRIL 25 2018...

CLIMATE NORMAL PERIOD 1981 TO 2010
CLIMATE RECORD PERIOD 1888 TO 2018


WEATHER ITEM   OBSERVED TIME   RECORD YEAR NORMAL DEPARTURE LAST
                VALUE   (LST)  VALUE       VALUE  FROM      YEAR
                                                  NORMAL
..................................................................
TEMPERATURE (F)
 YESTERDAY
  MAXIMUM         83    449 PM  84    1927  67     16       66
  MINIMUM         48    552 AM  19    1944  40      8       41
  AVERAGE         66                        53     13       54

PRECIPITATION (IN)
  YESTERDAY        0.00          1.56 1952   0.01  -0.01     0.00
  MONTH TO DATE    0.51                      0.39   0.12     0.65
  SINCE OCT 1      5.30                      5.56  -0.26    14.30
  SINCE JAN 1      3.73                      3.20   0.53    10.51

SNOWFALL (IN)
  YESTERDAY        0.0           0.8  1971   0.0    0.0      0.0
                                      1955
  MONTH TO DATE    0.2                       0.4   -0.2       T
  SINCE MAR 1     20.1                       2.4   17.7      2.9
  SINCE JUL 1     24.9                      21.4    3.5     27.0
  SNOW DEPTH       0

DEGREE DAYS
 HEATING
  YESTERDAY        0                        12    -12       11
  MONTH TO DATE  292                       371    -79      338
  SINCE MAR 1    983                       969     14      839
  SINCE JUL 1   4250                      4607   -357     4212

 COOLING
  YESTERDAY        1                         0      1        0
  MONTH TO DATE    1                         0      1        0
  SINCE MAR 1      1                         0      1        0
  SINCE JAN 1      1                         0      1        0
..................................................................


WIND (MPH)
  RESULTANT WIND SPEED   0   RESULTANT WIND DIRECTION   N (0)
  HIGHEST WIND SPEED    13   HIGHEST WIND DIRECTION    SW (220)
  HIGHEST GUST SPEED    17   HIGHEST GUST DIRECTION     E (80)
  AVERAGE WIND SPEED     3.2



WEATHER CONDITIONS
 THE FOLLOWING WEATHER WAS RECORDED YESTERDAY.
  NO SIGNIFICANT WEATHER WAS OBSERVED.


RELATIVE HUMIDITY (PERCENT)
 HIGHEST    54           500 AM
 LOWEST      7           500 PM
 AVERAGE    31

..........................................................


THE RENO-TAHOE INTL AIRPORT NV CLIMATE NORMALS FOR TODAY
                         NORMAL    RECORD    YEAR
 MAXIMUM TEMPERATURE (F)   67        87      1987
 MINIMUM TEMPERATURE (F)   40        21      1985


SUNRISE AND SUNSET
APRIL 26 2018.........SUNRISE   606 AM PDT   SUNSET   748 PM PDT
APRIL 27 2018.........SUNRISE   605 AM PDT   SUNSET   749 PM PDT


-  INDICATES NEGATIVE NUMBERS.
R  INDICATES RECORD WAS SET OR TIED.
MM INDICATES DATA IS MISSING.
T  INDICATES TRACE AMOUNT.




$$
