000
CDUS45 KABQ 240827
CLIROW


CLIMATE REPORT
NATIONAL WEATHER SERVICE ALBUQUERQUE NM
226 AM MDT TUE APR 24 2018


...................................

...THE ROSWELL NM CLIMATE SUMMARY FOR APRIL 23 2018...

CLIMATE NORMAL PERIOD 1981 TO 2010
CLIMATE RECORD PERIOD 1893 TO 2018


WEATHER ITEM   OBSERVED TIME   RECORD YEAR NORMAL DEPARTURE
                VALUE   (LST)  VALUE       VALUE  FROM
                                                  NORMAL
...............................................................
TEMPERATURE (F)
 YESTERDAY
  MAXIMUM         86    410 PM  95    2006  79      7
                                      1965
  MINIMUM         45    522 AM  30    1944  47     -2
                                      1899
  AVERAGE         66                        63      3

PRECIPITATION (IN)
  YESTERDAY        0.00          0.48 1922   0.02  -0.02
  MONTH TO DATE    0.00                      0.42  -0.42
  SINCE MAR 1      0.01                      0.93  -0.92
  SINCE JAN 1      0.62                      1.73  -1.11

SNOWFALL (IN)
  YESTERDAY        0.0
  MONTH TO DATE    0.0
  SINCE MAR 1      0.0
  SINCE JUL 1      0.0

DEGREE DAYS
 HEATING
  YESTERDAY        0                         4     -4
  MONTH TO DATE   95                       142    -47
  SINCE MAR 1    358                       529   -171
  SINCE JUL 1   2725                      3236   -511

 COOLING
  YESTERDAY        1                         2     -1
  MONTH TO DATE   36                        21     15
  SINCE MAR 1     53                        24     29
  SINCE JAN 1     53                        24     29
...............................................................


WIND (MPH)
  HIGHEST WIND SPEED    20   HIGHEST WIND DIRECTION     S (180)
  HIGHEST GUST SPEED    24   HIGHEST GUST DIRECTION     S (170)
  AVERAGE WIND SPEED     8.4


SKY COVER
  AVERAGE SKY COVER 0.0


WEATHER CONDITIONS
 THE FOLLOWING WEATHER WAS RECORDED YESTERDAY.
  NO SIGNIFICANT WEATHER WAS OBSERVED.


RELATIVE HUMIDITY (PERCENT)
 HIGHEST    61           300 AM
 LOWEST     14           500 PM
 AVERAGE    38

..........................................................


THE ROSWELL NM CLIMATE NORMALS FOR TODAY
                         NORMAL    RECORD    YEAR
 MAXIMUM TEMPERATURE (F)   79        96      2012
                                             1996
                                             1943
 MINIMUM TEMPERATURE (F)   48        31      2013
                                             1968


SUNRISE AND SUNSET
APRIL 24 2018.........SUNRISE   617 AM MDT   SUNSET   736 PM MDT
APRIL 25 2018.........SUNRISE   616 AM MDT   SUNSET   736 PM MDT


-  INDICATES NEGATIVE NUMBERS.
R  INDICATES RECORD WAS SET OR TIED.
MM INDICATES DATA IS MISSING.
T  INDICATES TRACE AMOUNT.




$$
