000
CDUS45 KPIH 190744
CLIRXE


CLIMATE REPORT
NATIONAL WEATHER SERVICE POCATELLO ID
143 AM MDT THU APR 19 2018


...................................

...THE REXBURG ID CLIMATE SUMMARY FOR APRIL 18 2018...

CLIMATE NORMAL PERIOD 1981 TO 2010
CLIMATE RECORD PERIOD 1998 TO 2018


WEATHER ITEM   OBSERVED TIME   RECORD YEAR NORMAL DEPARTURE LAST
                VALUE   (LST)  VALUE       VALUE  FROM      YEAR
                                                  NORMAL
..................................................................
TEMPERATURE (F)
 YESTERDAY
  MAXIMUM         50    550 PM  71    2001  57     -7       53
  MINIMUM         26    641 AM  15    2013  32     -6       43
  AVERAGE         38                        44     -6       48

PRECIPITATION (IN)
  YESTERDAY        0.00         MM      MM   0.05  -0.05     0.19
  MONTH TO DATE    1.56                      0.85   0.71     0.69
  SINCE OCT 1      7.33                      6.69   0.64     9.59
  SINCE JAN 1      5.23                      3.48   1.75     3.83

SNOWFALL (IN)
  YESTERDAY       MM
  MONTH TO DATE   MM
  SINCE MAR 1     MM
  SINCE JUL 1     MM
  SNOW DEPTH      MM

DEGREE DAYS
 HEATING
  YESTERDAY       27                        21      6       17
  MONTH TO DATE  415                       410      5      394
  SINCE MAR 1   1389                      1366     23     1133
  SINCE JUL 1   6846                      7339   -493     6928

 COOLING
  YESTERDAY        0                         0      0        0
  MONTH TO DATE    0                         0      0        0
  SINCE MAR 1      0                         0      0        0
  SINCE JAN 1      0                         0      0        0
..................................................................


WIND (MPH)
  HIGHEST WIND SPEED    14   HIGHEST WIND DIRECTION    SW (220)
  HIGHEST GUST SPEED    19   HIGHEST GUST DIRECTION    SW (230)
  AVERAGE WIND SPEED     5.8


SKY COVER
  POSSIBLE SUNSHINE  MM
  AVERAGE SKY COVER 0.1


WEATHER CONDITIONS
 THE FOLLOWING WEATHER WAS RECORDED YESTERDAY.
  NO SIGNIFICANT WEATHER WAS OBSERVED.


RELATIVE HUMIDITY (PERCENT)
 HIGHEST    81           600 AM
 LOWEST     26           300 PM
 AVERAGE    54

..........................................................


THE REXBURG ID CLIMATE NORMALS FOR TODAY
                         NORMAL    RECORD    YEAR
 MAXIMUM TEMPERATURE (F)   57        74      2010
 MINIMUM TEMPERATURE (F)   32        23      2006


SUNRISE AND SUNSET
APRIL 19 2018.........SUNRISE   637 AM MDT   SUNSET   816 PM MDT
APRIL 20 2018.........SUNRISE   636 AM MDT   SUNSET   817 PM MDT


-  INDICATES NEGATIVE NUMBERS.
R  INDICATES RECORD WAS SET OR TIED.
MM INDICATES DATA IS MISSING.
T  INDICATES TRACE AMOUNT.




$$
