000
CDUS44 KEWX 242255
CLISAT


CLIMATE REPORT
NATIONAL WEATHER SERVICE AUSTIN/SAN ANTONIO, TX
555 PM CDT TUE APR 24 2018


...................................

...THE SAN ANTONIO CLIMATE SUMMARY FOR APRIL 24 2018...
VALID TODAY AS OF 0500 PM LOCAL TIME.

CLIMATE NORMAL PERIOD 1981 TO 2010
CLIMATE RECORD PERIOD 1886 TO 2018


WEATHER ITEM   OBSERVED TIME   RECORD YEAR NORMAL DEPARTURE LAST
                VALUE   (LST)  VALUE       VALUE  FROM      YEAR
                                                  NORMAL
..................................................................
TEMPERATURE (F)
 TODAY
  MAXIMUM         86    352 PM  99    1894  82      4       80
  MINIMUM         56    604 AM  41    1995  61     -5       48
  AVERAGE         71                        71      0       64

PRECIPITATION (IN)
  TODAY            0.00          2.69 1905   0.09  -0.09     0.00
  MONTH TO DATE    0.02                      1.58  -1.56     2.76
  SINCE MAR 1      4.04                      3.89   0.15     4.85
  SINCE JAN 1      6.23                      7.44  -1.21    11.18

SNOWFALL (IN)
  TODAY            0.0
  MONTH TO DATE    0.0
  SINCE MAR 1      T
  SINCE JUL 1      1.9
  SNOW DEPTH       0

DEGREE DAYS
 HEATING
  TODAY            0                         0      0        1
  MONTH TO DATE   37                        38     -1        9
  SINCE MAR 1     87                       192   -105       60
  SINCE JUL 1   1303                      1493   -190      778

 COOLING
  TODAY            6                         7     -1        0
  MONTH TO DATE  106                       123    -17      143
  SINCE MAR 1    228                       188     40      277
  SINCE JAN 1    274                       214     60      377
..................................................................


WIND (MPH)
  HIGHEST WIND SPEED    15   HIGHEST WIND DIRECTION    SE (130)
  HIGHEST GUST SPEED    21   HIGHEST GUST DIRECTION    SE (140)
  AVERAGE WIND SPEED     4.9


SKY COVER
  AVERAGE SKY COVER 0.3


WEATHER CONDITIONS
 THE FOLLOWING WEATHER WAS RECORDED TODAY.
  NO SIGNIFICANT WEATHER WAS OBSERVED.


RELATIVE HUMIDITY (PERCENT)
 HIGHEST    80           500 AM
 LOWEST     30           400 PM
 AVERAGE    55

..........................................................


THE SAN ANTONIO CLIMATE NORMALS FOR TOMORROW
                         NORMAL    RECORD    YEAR
 MAXIMUM TEMPERATURE (F)   83        98      1996
 MINIMUM TEMPERATURE (F)   61        41      1968


SUNRISE AND SUNSET
APRIL 24 2018.........SUNRISE   658 AM CDT   SUNSET   806 PM CDT
APRIL 25 2018.........SUNRISE   657 AM CDT   SUNSET   807 PM CDT


-  INDICATES NEGATIVE NUMBERS.
R  INDICATES RECORD WAS SET OR TIED.
MM INDICATES DATA IS MISSING.
T  INDICATES TRACE AMOUNT.




$$
