000
CDUS42 KCHS 260618
CLISAV


CLIMATE REPORT
NATIONAL WEATHER SERVICE CHARLESTON SC
217 AM EDT THU APR 26 2018


...................................

...THE SAVANNAH GA CLIMATE SUMMARY FOR APRIL 25 2018...

CLIMATE NORMAL PERIOD 1981 TO 2010
CLIMATE RECORD PERIOD 1871 TO 2018


WEATHER ITEM   OBSERVED TIME   RECORD YEAR NORMAL DEPARTURE LAST
                VALUE   (LST)  VALUE       VALUE  FROM      YEAR
                                                  NORMAL
..................................................................
TEMPERATURE (F)
 YESTERDAY
  MAXIMUM         79    334 PM  94    1958  80     -1       82
  MINIMUM         58    610 AM  39    2005  56      2       59
  AVERAGE         69                        68      1       71

PRECIPITATION (IN)
  YESTERDAY        0.00          2.98 1982   0.09  -0.09     0.00
  MONTH TO DATE    4.33                      2.63   1.70     2.88
  SINCE MAR 1      5.55                      6.36  -0.81     3.38
  SINCE JAN 1      8.38                     12.84  -4.46    12.21

SNOWFALL (IN)
  YESTERDAY        0.0                       0.0    0.0
  SINCE MAR 1      0.0                       T      0.0
  SINCE JUL 1      1.2                       0.3    0.9

DEGREE DAYS
 HEATING
  YESTERDAY        0                         1     -1        0
  MONTH TO DATE   85                        71     14       19
  SINCE MAR 1    327                       281     46      212
  SINCE JUL 1   1602                      1798   -196     1022

 COOLING
  YESTERDAY        4                         4      0        6
  MONTH TO DATE   61                        71    -10      139
  SINCE MAR 1     93                       103    -10      214
  SINCE JAN 1    175                       113     62      272
..................................................................


WIND (MPH)
  HIGHEST WIND SPEED    23   HIGHEST WIND DIRECTION    NW (300)
  HIGHEST GUST SPEED    29   HIGHEST GUST DIRECTION    NW (310)
  AVERAGE WIND SPEED    10.0


SKY COVER
  POSSIBLE SUNSHINE  MM
  AVERAGE SKY COVER 0.3


WEATHER CONDITIONS
 THE FOLLOWING WEATHER WAS RECORDED YESTERDAY.
  NO SIGNIFICANT WEATHER WAS OBSERVED.


RELATIVE HUMIDITY (PERCENT)
 HIGHEST    93           600 AM
 LOWEST     42           300 PM
 AVERAGE    68

..........................................................


THE SAVANNAH GA CLIMATE NORMALS FOR TODAY
                         NORMAL    RECORD    YEAR
 MAXIMUM TEMPERATURE (F)   80        92      1989
 MINIMUM TEMPERATURE (F)   56        38      1910


SUNRISE AND SUNSET
APRIL 26 2018.........SUNRISE   644 AM EDT   SUNSET   802 PM EDT
APRIL 27 2018.........SUNRISE   643 AM EDT   SUNSET   803 PM EDT


-  INDICATES NEGATIVE NUMBERS.
R  INDICATES RECORD WAS SET OR TIED.
MM INDICATES DATA IS MISSING.
T  INDICATES TRACE AMOUNT.


$$
