000
CDUS41 KAKQ 260533
CLISBY


CLIMATE REPORT
NATIONAL WEATHER SERVICE WAKEFIELD, VA
132 AM EDT THU APR 26 2018


...................................

...THE SALISBURY MD CLIMATE SUMMARY FOR APRIL 25 2018...

CLIMATE NORMAL PERIOD 1981 TO 2010
CLIMATE RECORD PERIOD 1900 TO 2018


WEATHER ITEM   OBSERVED TIME   RECORD YEAR NORMAL DEPARTURE LAST
                VALUE   (LST)  VALUE       VALUE  FROM      YEAR
                                                  NORMAL
..................................................................
TEMPERATURE (F)
 YESTERDAY
  MAXIMUM         76   1223 PM  91    1960  68      8       64
                                      1915
  MINIMUM         57    723 AM  27    1956  46     11       54
  AVERAGE         67                        57     10       59

PRECIPITATION (IN)
  YESTERDAY        0.49          1.59 1975   0.10   0.39     0.75
  MONTH TO DATE    2.14                      3.04  -0.90     2.01
  SINCE MAR 1      5.18                      7.46  -2.28     6.64
  SINCE JAN 1     11.43                     14.42  -2.99    11.44

SNOWFALL (IN)
  YESTERDAY        0.0           0.0  2002   0.0    0.0
                                      2001
  MONTH TO DATE    T                         0.2   -0.2
  SINCE NOV 1     17.2                       9.3    7.9
  SINCE JUL 1     17.2                       9.3    7.9
  SNOW DEPTH       0

DEGREE DAYS
 HEATING
  YESTERDAY        0                         9     -9        6
  MONTH TO DATE  353                       305     48      175
  SINCE MAR 1   1085                       935    150      799
  SINCE JUL 1   4132                      4240   -108     3550

 COOLING
  YESTERDAY        2                         1      1        0
  MONTH TO DATE   10                        12     -2       28
  SINCE MAR 1     10                        14     -4       30
  SINCE JAN 1     14                        14      0       30
..................................................................


WIND (MPH)
  HIGHEST WIND SPEED    16   HIGHEST WIND DIRECTION     E (110)
  HIGHEST GUST SPEED    24   HIGHEST GUST DIRECTION    SW (210)
  AVERAGE WIND SPEED     8.1


SKY COVER
  POSSIBLE SUNSHINE  MM
  AVERAGE SKY COVER 0.9


WEATHER CONDITIONS
 THE FOLLOWING WEATHER WAS RECORDED YESTERDAY.
  HEAVY RAIN
  RAIN
  LIGHT RAIN
  FOG


RELATIVE HUMIDITY (PERCENT)
 HIGHEST   100           100 AM
 LOWEST     61           200 PM
 AVERAGE    81

..........................................................


THE SALISBURY MD CLIMATE NORMALS FOR TODAY
                         NORMAL    RECORD    YEAR
 MAXIMUM TEMPERATURE (F)   68        96      1915
 MINIMUM TEMPERATURE (F)   46        30      1967


SUNRISE AND SUNSET
APRIL 26 2018.........SUNRISE   611 AM EDT   SUNSET   749 PM EDT
APRIL 27 2018.........SUNRISE   610 AM EDT   SUNSET   750 PM EDT


-  INDICATES NEGATIVE NUMBERS.
R  INDICATES RECORD WAS SET OR TIED.
MM INDICATES DATA IS MISSING.
T  INDICATES TRACE AMOUNT.




$$
