000
CDUS46 KOTX 260820
CLISFF


CLIMATE REPORT
NATIONAL WEATHER SERVICE SPOKANE, WA
119 AM PDT THU APR 26 2018


...................................

...THE SPOKANE WA FELTS AIRPORT CLIMATE SUMMARY FOR APRIL 25 2018...

CLIMATE NORMAL PERIOD 1981 TO 2010
CLIMATE RECORD PERIOD 9999 TO 9999


WEATHER ITEM   OBSERVED TIME   RECORD YEAR NORMAL DEPARTURE LAST
                VALUE   (LST)  VALUE       VALUE  FROM      YEAR
                                                  NORMAL
..................................................................
TEMPERATURE (F)
 YESTERDAY
  MAXIMUM         76    313 PM  MM      MM  62     14       58
  MINIMUM         41    449 AM  MM      MM  37      4       43
  AVERAGE         59                        49     10       51

PRECIPITATION (IN)
  YESTERDAY        0.00         MM      MM   0.04  -0.04      T
  MONTH TO DATE    2.34                      1.05   1.29     1.65
  SINCE OCT 1     14.25                     12.15   2.10    19.36
  SINCE JAN 1      7.35                      5.95   1.40    10.27

SNOWFALL (IN)
  YESTERDAY       MM

DEGREE DAYS
 HEATING
  YESTERDAY        6                        16    -10       14
  MONTH TO DATE  462                       457      5      439
  SINCE MAR 1   1207                      1207      0     1122
  SINCE JUL 1   5524                      5778   -254     5718

 COOLING
  YESTERDAY        0                         0      0        0
  MONTH TO DATE    0                         0      0        0
  SINCE MAR 1      0                         0      0        0
  SINCE JAN 1      0                         0      0        0
..................................................................


WIND (MPH)
  HIGHEST WIND SPEED    12   HIGHEST WIND DIRECTION    SW (230)
  HIGHEST GUST SPEED    16   HIGHEST GUST DIRECTION    SW (240)
  AVERAGE WIND SPEED     2.8


SKY COVER
  POSSIBLE SUNSHINE  MM
  AVERAGE SKY COVER 0.0


WEATHER CONDITIONS
 THE FOLLOWING WEATHER WAS RECORDED YESTERDAY.
  NO SIGNIFICANT WEATHER WAS OBSERVED.


RELATIVE HUMIDITY (PERCENT)
 HIGHEST    76           400 AM
 LOWEST     14           200 PM
 AVERAGE    45

..........................................................


THE SPOKANE WA FELTS AIRPORT CLIMATE NORMALS FOR TODAY
                         NORMAL    RECORD    YEAR
 MAXIMUM TEMPERATURE (F)   62        MM        MM
 MINIMUM TEMPERATURE (F)   37        MM        MM


SUNRISE AND SUNSET
APRIL 26 2018.........SUNRISE   540 AM PDT   SUNSET   755 PM PDT
APRIL 27 2018.........SUNRISE   539 AM PDT   SUNSET   756 PM PDT


-  INDICATES NEGATIVE NUMBERS.
R  INDICATES RECORD WAS SET OR TIED.
MM INDICATES DATA IS MISSING.
T  INDICATES TRACE AMOUNT.




$$
