000
CDUS46 KMTR 240828
CLISFO


CLIMATE REPORT
NATIONAL WEATHER SERVICE SAN FRANCISCO BAY AREA
127 AM PDT TUE APR 24 2018


...................................

...THE SAN FRANCISCO AIRPORT CLIMATE SUMMARY FOR APRIL 23 2018...

CLIMATE NORMAL PERIOD 1981 TO 2010
CLIMATE RECORD PERIOD 1927 TO 2018


WEATHER ITEM   OBSERVED TIME   RECORD YEAR NORMAL DEPARTURE LAST
                VALUE   (LST)  VALUE       VALUE  FROM      YEAR
                                                  NORMAL
..................................................................
TEMPERATURE (F)
 YESTERDAY
  MAXIMUM         74   1217 PM  85    1959  66      8       64
  MINIMUM         52    511 AM  41    1960  50      2       53
  AVERAGE         63                        58      5       59

PRECIPITATION (IN)
  YESTERDAY        0.00          0.60 1983   0.03  -0.03     0.00
  MONTH TO DATE    2.24                      1.08   1.16     2.20
  SINCE OCT 1     13.85                     19.65  -5.80    30.87
  SINCE JAN 1     10.80                     12.29  -1.49    21.92

SNOWFALL (IN)
  YESTERDAY        0.0           0.0
  MONTH TO DATE    0.0
  SINCE MAR 1      0.0
  SINCE JUL 1      0.0

DEGREE DAYS
 HEATING
  YESTERDAY        2                         8     -6        6
  MONTH TO DATE  152                       197    -45      156
  SINCE MAR 1    451                       511    -60      397
  SINCE JUL 1   1817                      2317   -500     1974

 COOLING
  YESTERDAY        0                         0      0        0
  MONTH TO DATE    0                         0      0        1
  SINCE MAR 1      4                         1      3        1
  SINCE JAN 1      4                         1      3        1
..................................................................


WIND (MPH)
  RESULTANT WIND SPEED  10   RESULTANT WIND DIRECTION   W (290)
  HIGHEST WIND SPEED    24   HIGHEST WIND DIRECTION     W (290)
  HIGHEST GUST SPEED    30   HIGHEST GUST DIRECTION     W (290)
  AVERAGE WIND SPEED    11.1


SKY COVER
  POSSIBLE SUNSHINE  MM
  AVERAGE SKY COVER 0.5


WEATHER CONDITIONS
 THE FOLLOWING WEATHER WAS RECORDED YESTERDAY.
  NO SIGNIFICANT WEATHER WAS OBSERVED.


RELATIVE HUMIDITY (PERCENT)
 HIGHEST    83           500 AM
 LOWEST     49           100 PM
 AVERAGE    66

..........................................................


THE SAN FRANCISCO AIRPORT CLIMATE NORMALS FOR TODAY
                         NORMAL    RECORD    YEAR
 MAXIMUM TEMPERATURE (F)   66        81      2004
 MINIMUM TEMPERATURE (F)   50        39      1960


SUNRISE AND SUNSET
APRIL 24 2018.........SUNRISE   622 AM PDT   SUNSET   753 PM PDT
APRIL 25 2018.........SUNRISE   621 AM PDT   SUNSET   754 PM PDT


-  INDICATES NEGATIVE NUMBERS.
R  INDICATES RECORD WAS SET OR TIED.
MM INDICATES DATA IS MISSING.
T  INDICATES TRACE AMOUNT.




$$
