000
CDCA42 TJSJ 262220
CLISJU


CLIMATE REPORT
NATIONAL WEATHER SERVICE SAN JUAN, PR
620 PM AST SAT MAY 26 2018


...................................

...THE SAN JUAN AREA/PR CLIMATE SUMMARY FOR MAY 26 2018...
VALID TODAY AS OF 0500 PM LOCAL TIME.

CLIMATE NORMAL PERIOD 1981 TO 2010
CLIMATE RECORD PERIOD 1898 TO 2018


WEATHER ITEM   OBSERVED TIME   RECORD YEAR NORMAL DEPARTURE LAST
                VALUE   (LST)  VALUE       VALUE  FROM      YEAR
                                                  NORMAL
..................................................................
TEMPERATURE (F)
 TODAY
  MAXIMUM         86    129 PM  94    2005  88     -2       87
  MINIMUM         76    628 AM  70    1911  77     -1       76
  AVERAGE         81                        82     -1       82

PRECIPITATION (IN)
  TODAY            0.02          2.70 1992   0.18  -0.16     0.19
  MONTH TO DATE    4.92                      5.01  -0.09     2.09
  SINCE MAR 1     10.51                     11.64  -1.13    14.38
  SINCE JAN 1     20.87                     17.79   3.08    17.97

SNOWFALL (IN)
  TODAY            0.0                       0.0    0.0      0.0
  MONTH TO DATE    0.0                       0.0    0.0      0.0
  SINCE MAR 1      0.0                       0.0    0.0      0.0
  SINCE JUL 1      0.0                       0.0    0.0      0.0

DEGREE DAYS
 HEATING
  TODAY            0                         0      0        0
  MONTH TO DATE    0                         0      0        0
  SINCE MAR 1      0                         0      0        0
  SINCE JUL 1      0                         0      0        0

 COOLING
  TODAY           16                        18     -2       17
  MONTH TO DATE  397                       434    -37      455
  SINCE MAR 1   1293                      1324    -31     1328
  SINCE JAN 1   2071                      2075     -4     2176
..................................................................


WIND (MPH)
  HIGHEST WIND SPEED    24   HIGHEST WIND DIRECTION    NE (60)
  HIGHEST GUST SPEED    28   HIGHEST GUST DIRECTION    NE (60)
  AVERAGE WIND SPEED    11.1


SKY COVER
  AVERAGE SKY COVER 0.4


WEATHER CONDITIONS
 THE FOLLOWING WEATHER WAS RECORDED TODAY.
  NO SIGNIFICANT WEATHER WAS OBSERVED.


RELATIVE HUMIDITY (PERCENT)
 HIGHEST    94
 LOWEST     61
 AVERAGE    78

..........................................................


THE SAN JUAN AREA/PR CLIMATE NORMALS FOR TOMORROW
                         NORMAL    RECORD    YEAR
 MAXIMUM TEMPERATURE (F)   88        95      1983
 MINIMUM TEMPERATURE (F)   77        69      1957


SUNRISE AND SUNSET
MAY 26 2018...........SUNRISE   548 AM AST   SUNSET   655 PM AST
MAY 27 2018...........SUNRISE   547 AM AST   SUNSET   655 PM AST


-  INDICATES NEGATIVE NUMBERS.
R  INDICATES RECORD WAS SET OR TIED.
MM INDICATES DATA IS MISSING.
T  INDICATES TRACE AMOUNT.




$$
