711
CDAK48 PAFC 261254
CLISNP


CLIMATE REPORT
NATIONAL WEATHER SERVICE ANCHORAGE, AK
454 AM AKDT SAT MAY 26 2018


...................................

...THE SAINT PAUL ISLAND CLIMATE SUMMARY FOR MAY 25 2018...

CLIMATE NORMAL PERIOD 1981 TO 2010
CLIMATE RECORD PERIOD 1892 TO 2018


WEATHER ITEM   OBSERVED TIME   RECORD YEAR NORMAL DEPARTURE LAST
                VALUE   (LST)  VALUE       VALUE  FROM      YEAR
                                                  NORMAL
..................................................................
TEMPERATURE (F)
 YESTERDAY
  MAXIMUM         41        MM  53    2006  42     -1       48
  MINIMUM         35        MM  24    1951  33      2       31
  AVERAGE         38                        38      0       40

PRECIPITATION (IN)
  YESTERDAY        0.01          0.46 2002   0.04  -0.03      T
  MONTH TO DATE    1.12                      0.91   0.21     1.49
  SINCE MAR 1      5.59                      3.06   2.53     2.66
  SINCE JAN 1      8.57                      5.94   2.63     5.75

SNOWFALL (IN)
  YESTERDAY        0.0          MM      MM   0.0    0.0      0.0
  MONTH TO DATE    T                         1.0   -1.0       T
  SINCE MAR 1      4.1                      14.7  -10.6      0.6
  SINCE JUL 1     14.6                      59.7  -45.1     48.8
  SNOW DEPTH       0

DEGREE DAYS
 HEATING
  YESTERDAY       27                        27      0       25
  MONTH TO DATE  668                       735    -67      663
  SINCE MAR 1   2532                      3053   -521     2850
  SINCE JUL 1   8527                      9970  -1443     8725

 COOLING
  YESTERDAY        0                         0      0        0
  MONTH TO DATE    0                         0      0        0
  SINCE MAR 1      0                         0      0        0
  SINCE JAN 1      0                         0      0        0
..................................................................


WIND (MPH)
  RESULTANT WIND SPEED  16   RESULTANT WIND DIRECTION   N (0)
  HIGHEST WIND SPEED    23   HIGHEST WIND DIRECTION     N (360)
  HIGHEST GUST SPEED    27   HIGHEST GUST DIRECTION     N (360)
  AVERAGE WIND SPEED    16.3



WEATHER CONDITIONS
 THE FOLLOWING WEATHER WAS RECORDED YESTERDAY.
  LIGHT RAIN
  FOG


RELATIVE HUMIDITY (PERCENT)
 HIGHEST   100
 LOWEST     79
 AVERAGE    90

..........................................................


THE SAINT PAUL ISLAND CLIMATE NORMALS FOR TODAY
                         NORMAL    RECORD    YEAR
 MAXIMUM TEMPERATURE (F)   43        52      1957
 MINIMUM TEMPERATURE (F)   34        25      1988
                                             1965


SUNRISE AND SUNSET
MAY 26 2018...........SUNRISE   642 AM AKDT  SUNSET  1155 PM AKDT
MAY 27 2018...........SUNRISE   641 AM AKDT  SUNSET  1157 PM AKDT


-  INDICATES NEGATIVE NUMBERS.
R  INDICATES RECORD WAS SET OR TIED.
MM INDICATES DATA IS MISSING.
T  INDICATES TRACE AMOUNT.




$$
