253
CDUS46 KMTR 230827
CLISNS


CLIMATE REPORT
NATIONAL WEATHER SERVICE SAN FRANCISCO BAY AREA
127 AM PDT WED MAY 23 2018


...................................

...THE SALINAS AIRPORT CLIMATE SUMMARY FOR MAY 22 2018...

CLIMATE NORMAL PERIOD 1981 TO 2010
CLIMATE RECORD PERIOD 1930 TO 2018


WEATHER ITEM   OBSERVED TIME   RECORD YEAR NORMAL DEPARTURE LAST
                VALUE   (LST)  VALUE       VALUE  FROM      YEAR
                                                  NORMAL
..................................................................
TEMPERATURE (F)
 YESTERDAY
  MAXIMUM         62    229 PM  88    1943  69     -7       70
  MINIMUM         53    643 AM  36    1960  51      2       51
  AVERAGE         58                        60     -2       61

PRECIPITATION (IN)
  YESTERDAY        T             0.45 1958   0.01  -0.01     0.00
  MONTH TO DATE    T                         0.28  -0.28      T
  SINCE OCT 1      7.13                     12.47  -5.34    16.36
  SINCE JAN 1      6.35                      8.56  -2.21    12.36

DEGREE DAYS
 HEATING
  YESTERDAY        7                         5      2        4
  MONTH TO DATE  117                       138    -21      111
  SINCE MAR 1    658                       713    -55      538
  SINCE JUL 1   2046                      2527   -481     2300

 COOLING
  YESTERDAY        0                         0      0        0
  MONTH TO DATE    0                         0      0       14
  SINCE MAR 1      6                         7     -1       18
  SINCE JAN 1      6                         7     -1       18
..................................................................


WIND (MPH)
  RESULTANT WIND SPEED   7   RESULTANT WIND DIRECTION   W (290)
  HIGHEST WIND SPEED    15   HIGHEST WIND DIRECTION    NW (300)
  HIGHEST GUST SPEED    19   HIGHEST GUST DIRECTION    NW (320)
  AVERAGE WIND SPEED     7.9


SKY COVER
  POSSIBLE SUNSHINE  MM
  AVERAGE SKY COVER 1.0


WEATHER CONDITIONS
 THE FOLLOWING WEATHER WAS RECORDED YESTERDAY.
  LIGHT RAIN
  FOG


RELATIVE HUMIDITY (PERCENT)
 HIGHEST    93           100 AM
 LOWEST     60           200 PM
 AVERAGE    77

..........................................................


THE SALINAS AIRPORT CLIMATE NORMALS FOR TODAY
                         NORMAL    RECORD    YEAR
 MAXIMUM TEMPERATURE (F)   69        89      1943
 MINIMUM TEMPERATURE (F)   51        39      1980


SUNRISE AND SUNSET
MAY 23 2018...........SUNRISE   553 AM PDT   SUNSET   813 PM PDT
MAY 24 2018...........SUNRISE   553 AM PDT   SUNSET   814 PM PDT


-  INDICATES NEGATIVE NUMBERS.
R  INDICATES RECORD WAS SET OR TIED.
MM INDICATES DATA IS MISSING.
T  INDICATES TRACE AMOUNT.




$$
