000
CDUS44 KOUN 200636
CLISPS

CLIMATE REPORT
NATIONAL WEATHER SERVICE NORMAN OK
135 AM CDT FRI APR 20 2018

...................................

...THE WICHITA FALLS CLIMATE SUMMARY FOR APRIL 19 2018...

CLIMATE NORMAL PERIOD 1981 TO 2010
CLIMATE RECORD PERIOD 1897 TO 2018


WEATHER ITEM   OBSERVED TIME   RECORD YEAR NORMAL DEPARTURE LAST
                VALUE   (LST)  VALUE       VALUE  FROM      YEAR
                                                  NORMAL
..................................................................
TEMPERATURE (F)
 YESTERDAY
  MAXIMUM         71    337 PM  97    1925  77     -6       83
  MINIMUM         40    601 AM  33    2013  50    -10       60
  AVERAGE         56                        64     -8       72

PRECIPITATION (IN)
  YESTERDAY        0.00          2.34 2016   0.10  -0.10     0.00
  MONTH TO DATE    T                         1.40  -1.40     0.74
  SINCE MAR 1      2.79                      3.60  -0.81     1.49
  SINCE JAN 1      5.65                      6.49  -0.84     5.46

SNOWFALL (IN)
  YESTERDAY        0.0           0.0  2002   0.0    0.0      0.0
  MONTH TO DATE    0.0                       0.0    0.0      0.0
  SINCE MAR 1      0.0                       0.5   -0.5      0.0
  SINCE JUL 1      1.0                       3.9   -2.9       T

DEGREE DAYS
 HEATING
  YESTERDAY        9                         4      5        0
  MONTH TO DATE  187                       111     76       49
  SINCE MAR 1    439                       468    -29      253
  SINCE JUL 1   2825                      2914    -89     2097

 COOLING
  YESTERDAY        0                         3     -3        7
  MONTH TO DATE   33                        34     -1       47
  SINCE MAR 1     61                        53      8      104
  SINCE JAN 1     70                        56     14      122
..................................................................


WIND (MPH)
  HIGHEST WIND SPEED    16   HIGHEST WIND DIRECTION    NE (30)
  HIGHEST GUST SPEED    22   HIGHEST GUST DIRECTION     N (340)
  AVERAGE WIND SPEED     7.7


SKY COVER
  AVERAGE SKY COVER 0.3


WEATHER CONDITIONS
 THE FOLLOWING WEATHER WAS RECORDED YESTERDAY.
  HAZE


RELATIVE HUMIDITY (PERCENT)
 HIGHEST    70           700 AM
 LOWEST     23           500 PM
 AVERAGE    47

..........................................................


THE WICHITA FALLS CLIMATE NORMALS FOR TODAY
                         NORMAL    RECORD    YEAR
 MAXIMUM TEMPERATURE (F)   77        95      1925
 MINIMUM TEMPERATURE (F)   51        36      1953


SUNRISE AND SUNSET
APRIL 20 2018.........SUNRISE   657 AM CDT   SUNSET   809 PM CDT
APRIL 21 2018.........SUNRISE   656 AM CDT   SUNSET   810 PM CDT


-  INDICATES NEGATIVE NUMBERS.
R  INDICATES RECORD WAS SET OR TIED.
MM INDICATES DATA IS MISSING.
T  INDICATES TRACE AMOUNT.




$$
