000
CDUS42 KJAX 250527
CLISSI


CLIMATE REPORT
NATIONAL WEATHER SERVICE JACKSONVILLE FL
127 AM EDT WED APR 25 2018


...................................

...THE ST SIMONS ISLAND CLIMATE SUMMARY FOR APRIL 24 2018...

CLIMATE NORMAL PERIOD 1981 TO 2010
CLIMATE RECORD PERIOD 1948 TO 2018


WEATHER ITEM   OBSERVED TIME   RECORD YEAR NORMAL DEPARTURE LAST
                VALUE   (LST)  VALUE       VALUE  FROM      YEAR
                                                  NORMAL
..................................................................
TEMPERATURE (F)
 YESTERDAY
  MAXIMUM         79    327 PM  93    1999  77      2       76
  MINIMUM         62    619 AM  47    1986  60      2       61
  AVERAGE         71                        68      3       69

PRECIPITATION (IN)
  YESTERDAY        0.00          1.43 2000   0.07  -0.07     0.00
  MONTH TO DATE    4.16                      2.10   2.06     1.59
  SINCE MAR 1      5.96                      5.98  -0.02     2.25
  SINCE JAN 1     10.75                     12.67  -1.92     8.11

SNOWFALL (IN)
  YESTERDAY        0.0           0.0    MM                   0.0
  MONTH TO DATE    0.0                                       0.0
  SINCE MAR 1      0.0                                       0.0
  SINCE JUL 1      0.0                                       0.0
  SNOW DEPTH       0

DEGREE DAYS
 HEATING
  YESTERDAY        0                         1     -1        0
  MONTH TO DATE   45                        51     -6       12
  SINCE MAR 1    243                       228     15      166
  SINCE JUL 1   1296                      1479   -183      781

 COOLING
  YESTERDAY        6                         5      1        4
  MONTH TO DATE   69                        72     -3      136
  SINCE MAR 1    100                       103     -3      221
  SINCE JAN 1    162                       112     50      273
..................................................................


WIND (MPH)
  HIGHEST WIND SPEED    17   HIGHEST WIND DIRECTION     W (250)
  HIGHEST GUST SPEED    25   HIGHEST GUST DIRECTION     W (260)
  AVERAGE WIND SPEED     9.1


SKY COVER
  POSSIBLE SUNSHINE  MM
  AVERAGE SKY COVER 0.4


WEATHER CONDITIONS
 THE FOLLOWING WEATHER WAS RECORDED YESTERDAY.
  FOG


RELATIVE HUMIDITY (PERCENT)
 HIGHEST   100           100 AM
 LOWEST     43           300 PM
 AVERAGE    72

..........................................................


THE ST SIMONS ISLAND CLIMATE NORMALS FOR TODAY
                         NORMAL    RECORD    YEAR
 MAXIMUM TEMPERATURE (F)   77        90      2002
 MINIMUM TEMPERATURE (F)   60        45      2005


SUNRISE AND SUNSET
APRIL 25 2018.........SUNRISE   647 AM EDT   SUNSET   801 PM EDT
APRIL 26 2018.........SUNRISE   646 AM EDT   SUNSET   801 PM EDT


-  INDICATES NEGATIVE NUMBERS.
R  INDICATES RECORD WAS SET OR TIED.
MM INDICATES DATA IS MISSING.
T  INDICATES TRACE AMOUNT.




$$
