639
CDUS42 KTBW 242121
CLITPA


CLIMATE REPORT
NATIONAL WEATHER SERVICE TAMPA BAY FL
517 PM EDT TUE APR 24 2018


...................................

...THE TAMPA CLIMATE SUMMARY FOR APRIL 24 2018...
VALID TODAY AS OF 0500 PM LOCAL TIME.

CLIMATE NORMAL PERIOD 1981 TO 2010
CLIMATE RECORD PERIOD 1890 TO 2018


WEATHER ITEM   OBSERVED TIME   RECORD YEAR NORMAL DEPARTURE LAST
                VALUE   (LST)  VALUE       VALUE  FROM      YEAR
                                                  NORMAL
..................................................................
TEMPERATURE (F)
 TODAY
  MAXIMUM         80    219 PM  90    2002  83     -3       80
                                      1999
  MINIMUM         71    646 AM  48    1903  65      6       68
  AVERAGE         76                        74      2       74

PRECIPITATION (IN)
  TODAY            0.00          1.28 1994   0.06  -0.06     0.00
  MONTH TO DATE    2.16                      1.69   0.47     0.59
  SINCE MAR 1      2.51                      4.72  -2.21     1.58
  SINCE JAN 1     10.22                      9.76   0.46     4.54

DEGREE DAYS
 HEATING
  TODAY            0                         0      0        0
  MONTH TO DATE    0                         9     -9        0
  SINCE MAR 1     67                        65      2       28
  SINCE JUL 1    338                       536   -198      164

 COOLING
  TODAY           11                         9      2        9
  MONTH TO DATE  239                       164     75      270
  SINCE MAR 1    347                       290     57      461
  SINCE JAN 1    664                       403    261      714
..................................................................


WIND (MPH)
  RESULTANT WIND SPEED   8   RESULTANT WIND DIRECTION   W (270)
  HIGHEST WIND SPEED    16   HIGHEST WIND DIRECTION     W (270)
  HIGHEST GUST SPEED    23   HIGHEST GUST DIRECTION     W (280)
  AVERAGE WIND SPEED     8.5


SKY COVER
  POSSIBLE SUNSHINE  MM
  AVERAGE SKY COVER 0.5


WEATHER CONDITIONS
 THE FOLLOWING WEATHER WAS RECORDED TODAY.
  NO SIGNIFICANT WEATHER WAS OBSERVED.


RELATIVE HUMIDITY (PERCENT)
 HIGHEST    87          1200 AM
 LOWEST     45           200 PM

..........................................................


THE TAMPA CLIMATE NORMALS FOR TOMORROW
                         NORMAL    RECORD    YEAR
 MAXIMUM TEMPERATURE (F)   83        93      1958
 MINIMUM TEMPERATURE (F)   65        52      2005
                                             1903


SUNRISE AND SUNSET
APRIL 24 2018.........SUNRISE   656 AM EDT   SUNSET   800 PM EDT
APRIL 25 2018.........SUNRISE   655 AM EDT   SUNSET   801 PM EDT


-  INDICATES NEGATIVE NUMBERS.
R  INDICATES RECORD WAS SET OR TIED.
MM INDICATES DATA IS MISSING.
T  INDICATES TRACE AMOUNT.




$$


&&
------------------------------------------------------------------
******************** SUPPLEMENTAL DATA ***************************

...RUSKIN                HIGH 79    LOW 69    PCPN 0.01
...SARASOTA/BRADENTON    HIGH 79    LOW 71    PCPN 0.08
...LAKELAND*             HIGH 87    LOW 69    PCPN 0.00
...ST. PETERSBURG        HIGH 78    LOW 72    PCPN 0.00
...GULF WATER TEMPERATURE AT CLEARWATER BEACH 78 DEGREES

*LAKELAND DATA IS FROM 4:30 PM MONDAY TO 4:30 PM TUESDAY
AND MAY REFLECT YESTERDAYS RAINFALL AND HIGH TEMPERATURE.
