000
CDUS44 KTSA 220706
CLITUL

CLIMATE REPORT
NATIONAL WEATHER SERVICE TULSA OK
146 AM CDT SUN APR 22 2018


...................................

...THE TULSA OKLAHOMA CLIMATE SUMMARY FOR APRIL 21 2018...

CLIMATE NORMAL PERIOD 1981 TO 2010
CLIMATE RECORD PERIOD 1882 TO 2018


WEATHER ITEM   OBSERVED TIME   RECORD YEAR NORMAL DEPARTURE LAST
                VALUE   (LST)  VALUE       VALUE  FROM      YEAR
                                                  NORMAL
..................................................................
TEMPERATURE (F)
 YESTERDAY
  MAXIMUM         57    134 AM  94    1965  73    -16       64
  MINIMUM         48   1159 PM  32    1966  51     -3       51
  AVERAGE         53                        62     -9       58

PRECIPITATION (IN)
  YESTERDAY        1.13          3.19 2017   0.13   1.00     3.19
  MONTH TO DATE    1.29                      2.41  -1.12     6.15
  SINCE MAR 1      4.60                      5.70  -1.10     7.92
  SINCE JAN 1      9.68                      9.21   0.47    12.52

SNOWFALL (IN)
  YESTERDAY        0.0                                       0.0
  MONTH TO DATE    0.1                                        T
  SINCE MAR 1      0.1                                        T
  SINCE JUL 1      2.1                                       0.7

DEGREE DAYS
 HEATING
  YESTERDAY       12                         5      7        7
  MONTH TO DATE  303                       153    150       54
  SINCE MAR 1    672                       591     81      348
  SINCE JUL 1   3380                      3502   -122     2569

 COOLING
  YESTERDAY        0                         2     -2        0
  MONTH TO DATE   15                        31    -16       56
  SINCE MAR 1     18                        42    -24       96
  SINCE JAN 1     23                        43    -20      112
..................................................................


WIND (MPH)
  HIGHEST WIND SPEED    14   HIGHEST WIND DIRECTION     N (340)
  HIGHEST GUST SPEED    18   HIGHEST GUST DIRECTION     N (340)
  AVERAGE WIND SPEED     8.5


SKY COVER
  POSSIBLE SUNSHINE  MM
  AVERAGE SKY COVER 1.0


WEATHER CONDITIONS
 THE FOLLOWING WEATHER WAS RECORDED YESTERDAY.
  THUNDERSTORM
  HEAVY RAIN
  RAIN
  LIGHT RAIN
  FOG
  HAZE


RELATIVE HUMIDITY (PERCENT)
 HIGHEST    96           700 PM
 LOWEST     43          1200 AM
 AVERAGE    70

..........................................................


THE TULSA OKLAHOMA CLIMATE NORMALS FOR TODAY
                         NORMAL    RECORD    YEAR
 MAXIMUM TEMPERATURE (F)   74        91      2009
                                             1965
                                             1955
 MINIMUM TEMPERATURE (F)   51        32      1931


SUNRISE AND SUNSET
APRIL 22 2018.........SUNRISE   641 AM CDT   SUNSET   803 PM CDT
APRIL 23 2018.........SUNRISE   640 AM CDT   SUNSET   804 PM CDT


-  INDICATES NEGATIVE NUMBERS.
R  INDICATES RECORD WAS SET OR TIED.
MM INDICATES DATA IS MISSING.
T  INDICATES TRACE AMOUNT.




$$

&&
...........................................................

THE TULSA PRECIPITATION NORMALS FOR TODAY
                       NORMAL    RECORD      YEAR
  TODAY                 0.14      2.40       1899
  MONTH TO DATE         2.55
  YEAR TO DATE          9.35
...........................................................
ALL DATA MEASURED AT THE TULSA INTERNATIONAL AIRPORT...
EXCEPT SNOWFALL...WHICH IS MEASURED AT THE NWS OFFICE.
