000
CDUS45 KTWC 250750
CLITUS

CLIMATE REPORT
NATIONAL WEATHER SERVICE TUCSON AZ
1250 AM MST WED APR 25 2018


...................................

...THE TUCSON AZ CLIMATE SUMMARY FOR APRIL 24 2018...

CLIMATE NORMAL PERIOD 1981 TO 2010
CLIMATE RECORD PERIOD 1895 TO 2018


WEATHER ITEM   OBSERVED TIME   RECORD YEAR NORMAL DEPARTURE LAST
                VALUE   (LST)  VALUE       VALUE  FROM      YEAR
                                                  NORMAL
..................................................................
TEMPERATURE (F)
 YESTERDAY
  MAXIMUM         95    359 PM  99    1996  85     10       93
  MINIMUM         61    633 AM  35    1937  54      7       64
  AVERAGE         78                        69      9       79

PRECIPITATION (IN)
  YESTERDAY        0.00          0.40 1930   0.00   0.00     0.00
  MONTH TO DATE    0.00                      0.27  -0.27      T
  SINCE OCT 1      2.57                      5.19  -2.62     3.27
  SINCE JAN 1      1.98                      2.80  -0.82     1.59

DEGREE DAYS
 HEATING
  YESTERDAY        0                         1     -1        0
  MONTH TO DATE   12                        54    -42       14
  SINCE MAR 1    115                       233   -118       61
  SINCE JUL 1    744                      1500   -756      942

 COOLING
  YESTERDAY       13                         6      7       14
  MONTH TO DATE  169                        83     86      166
  SINCE MAR 1    213                       112    101      310
  SINCE JAN 1    217                       116    101      319
..................................................................


WIND (MPH)
  HIGHEST WIND SPEED    20   HIGHEST WIND DIRECTION    SW (220)
  HIGHEST GUST SPEED    28   HIGHEST GUST DIRECTION    SW (230)
  AVERAGE WIND SPEED     6.2


SKY COVER
  POSSIBLE SUNSHINE  MM
  AVERAGE SKY COVER 0.0


WEATHER CONDITIONS
 THE FOLLOWING WEATHER WAS RECORDED YESTERDAY.
  NO SIGNIFICANT WEATHER WAS OBSERVED.


RELATIVE HUMIDITY (PERCENT)
 HIGHEST    25
 LOWEST      6
 AVERAGE    16

..........................................................


THE TUCSON AZ CLIMATE NORMALS FOR TODAY
                         NORMAL    RECORD    YEAR
 MAXIMUM TEMPERATURE (F)   85        99      1910
 MINIMUM TEMPERATURE (F)   55        34      1960


SUNRISE AND SUNSET
APRIL 25 2018.........SUNRISE   544 AM MST   SUNSET   700 PM MST
APRIL 26 2018.........SUNRISE   543 AM MST   SUNSET   701 PM MST


-  INDICATES NEGATIVE NUMBERS.
R  INDICATES RECORD WAS SET OR TIED.
MM INDICATES DATA IS MISSING.
T  INDICATES TRACE AMOUNT.

$$
