000
CDUS43 KAPX 190529
CLITVC


CLIMATE REPORT
NATIONAL WEATHER SERVICE GAYLORD MI
129 AM EDT THU APR 19 2018


...................................

...THE TRAVERSE CITY MI CLIMATE SUMMARY FOR APRIL 18 2018...

CLIMATE NORMAL PERIOD 1981 TO 2010
CLIMATE RECORD PERIOD 1896 TO 2018


WEATHER ITEM   OBSERVED TIME   RECORD YEAR NORMAL DEPARTURE LAST
                VALUE   (LST)  VALUE       VALUE  FROM      YEAR
                                                  NORMAL
..................................................................
TEMPERATURE (F)
 YESTERDAY
  MAXIMUM         38    925 PM  85    2002  55    -17       67
  MINIMUM         31    304 AM  20    1944  33     -2       30
  AVERAGE         35                        44     -9       49

PRECIPITATION (IN)
  YESTERDAY        0.00          0.71 2002   0.10  -0.10      T
  MONTH TO DATE    3.12                      1.70   1.42     1.65
  SINCE MAR 1      3.92                      3.56   0.36     3.38
  SINCE JAN 1      6.33                      7.88  -1.55     6.71

DEGREE DAYS
 HEATING
  YESTERDAY       30                        21      9       16
  MONTH TO DATE  631                       440    191      313
  SINCE MAR 1   1694                      1502    192     1346
  SINCE JUL 1   6597                      6842   -245     5519

 COOLING
  YESTERDAY        0                         0      0        0
  MONTH TO DATE    0                         0      0        2
  SINCE MAR 1      0                         0      0        2
  SINCE JAN 1      0                         0      0        2
..................................................................


WIND (MPH)
  HIGHEST WIND SPEED    14   HIGHEST WIND DIRECTION     N (10)
  HIGHEST GUST SPEED    20   HIGHEST GUST DIRECTION     N (10)
  AVERAGE WIND SPEED     8.7




RELATIVE HUMIDITY (PERCENT)
 HIGHEST    82
 LOWEST     64
 AVERAGE    73

..........................................................


THE TRAVERSE CITY MI CLIMATE NORMALS FOR TODAY
                         NORMAL    RECORD    YEAR
 MAXIMUM TEMPERATURE (F)   56        84      2005
 MINIMUM TEMPERATURE (F)   33        15      1918


SUNRISE AND SUNSET
APRIL 19 2018.........SUNRISE   651 AM EDT   SUNSET   832 PM EDT
APRIL 20 2018.........SUNRISE   649 AM EDT   SUNSET   834 PM EDT


-  INDICATES NEGATIVE NUMBERS.
R  INDICATES RECORD WAS SET OR TIED.
MM INDICATES DATA IS MISSING.
T  INDICATES TRACE AMOUNT.




$$
