000
CDUS44 KSHV 260755
CLITYR


CLIMATE REPORT
NATIONAL WEATHER SERVICE SHREVEPORT, LA
249 AM CDT THU APR 26 2018


...................................

...THE TYLER CLIMATE SUMMARY FOR APRIL 25 2018...

CLIMATE NORMAL PERIOD 1981 TO 2010
CLIMATE RECORD PERIOD 1896 TO 2018


WEATHER ITEM   OBSERVED TIME   RECORD YEAR NORMAL DEPARTURE LAST
                VALUE   (LST)  VALUE       VALUE  FROM      YEAR
                                                  NORMAL
..................................................................
TEMPERATURE (F)
 YESTERDAY
  MAXIMUM         75   1057 AM  92    1925  77     -2       84
  MINIMUM         50   1159 PM  32    1910  57     -7       59
  AVERAGE         63                        67     -4       72

PRECIPITATION (IN)
  YESTERDAY        0.09          3.61 1923   0.13  -0.04     0.00
  MONTH TO DATE    1.98                      2.54  -0.56     1.76
  SINCE DEC 1     21.02                     17.77   3.25    14.45
  SINCE JAN 1     15.73                     13.53   2.20    11.80

SNOWFALL (IN)
  YESTERDAY        0.0
  MONTH TO DATE    0.0
  SINCE MAR 1      0.0
  SINCE JUL 1      1.5
  SNOW DEPTH       0

DEGREE DAYS
 HEATING
  YESTERDAY        2                         1      1        0
  MONTH TO DATE  119                        92     27       29
  SINCE MAR 1    261                       365   -104      158
  SINCE JUL 1   2063                      2257   -194     1241

 COOLING
  YESTERDAY        0                         4     -4        7
  MONTH TO DATE   32                        57    -25      120
  SINCE MAR 1     97                        78     19      228
  SINCE JAN 1    124                        90     34      302
..................................................................


WIND (MPH)
  HIGHEST WIND SPEED    20   HIGHEST WIND DIRECTION    NW (320)
  HIGHEST GUST SPEED    26   HIGHEST GUST DIRECTION    NW (330)
  AVERAGE WIND SPEED     7.8


SKY COVER
  POSSIBLE SUNSHINE  MM
  AVERAGE SKY COVER 0.6


WEATHER CONDITIONS
 THE FOLLOWING WEATHER WAS RECORDED YESTERDAY.
  RAIN
  LIGHT RAIN
  FOG


RELATIVE HUMIDITY (PERCENT)
 HIGHEST   100           700 PM
 LOWEST     46          1100 AM
 AVERAGE    73

..........................................................


THE TYLER CLIMATE NORMALS FOR TODAY
                         NORMAL    RECORD    YEAR
 MAXIMUM TEMPERATURE (F)   78        91      1925
 MINIMUM TEMPERATURE (F)   58        38      1910


SUNRISE AND SUNSET
APRIL 26 2018.........SUNRISE   640 AM CDT   SUNSET   759 PM CDT
APRIL 27 2018.........SUNRISE   639 AM CDT   SUNSET   800 PM CDT


-  INDICATES NEGATIVE NUMBERS.
R  INDICATES RECORD WAS SET OR TIED.
MM INDICATES DATA IS MISSING.
T  INDICATES TRACE AMOUNT.




$$
