000
CDUS43 KLOT 260633
CLIUGN


CLIMATE REPORT
NATIONAL WEATHER SERVICE CHICAGO IL
132 AM CDT SAT MAY 26 2018


...................................

...THE WAUKEGAN   CLIMATE SUMMARY FOR MAY 25 2018...

CLIMATE NORMAL PERIOD 1981 TO 2010
CLIMATE RECORD PERIOD 2000 TO 2018


WEATHER ITEM   OBSERVED TIME   RECORD YEAR NORMAL DEPARTURE LAST
                VALUE   (LST)  VALUE       VALUE  FROM      YEAR
                                                  NORMAL
..................................................................
TEMPERATURE (F)
 YESTERDAY
  MAXIMUM         87R   200 PM  81    2012  68     19       67
  MINIMUM         61   1258 AM  38    2013  47     14       49
  AVERAGE         74                        58     16       58

PRECIPITATION (IN)
  YESTERDAY        0.00          0.90 2011   0.13  -0.13     0.00
  MONTH TO DATE    7.97                      3.26   4.71     2.14
  SINCE MAR 1     10.36                      9.06   1.30     9.63
  SINCE JAN 1     13.54                     12.11   1.43    13.85

DEGREE DAYS
 HEATING
  YESTERDAY        0                         8     -8        7
  MONTH TO DATE  191                       268    -77      318
  SINCE MAR 1   1992                      1764    228     1660
  SINCE JUL 1   6669                      6710    -41     5772

 COOLING
  YESTERDAY        9                         1      8        0
  MONTH TO DATE   26                        12     14       17
  SINCE MAR 1     26                        16     10       21
  SINCE JAN 1     26                        16     10       21
..................................................................


WIND (MPH)
  RESULTANT WIND SPEED   6   RESULTANT WIND DIRECTION  SW (210)
  HIGHEST WIND SPEED    17   HIGHEST WIND DIRECTION    SW (230)
  HIGHEST GUST SPEED    22   HIGHEST GUST DIRECTION    SW (230)
  AVERAGE WIND SPEED     7.9


SKY COVER
  POSSIBLE SUNSHINE  MM
  AVERAGE SKY COVER 0.1


WEATHER CONDITIONS
 THE FOLLOWING WEATHER WAS RECORDED YESTERDAY.
  NO SIGNIFICANT WEATHER WAS OBSERVED.


RELATIVE HUMIDITY (PERCENT)
 HIGHEST    79
 LOWEST     40
 AVERAGE    60

..........................................................


THE WAUKEGAN   CLIMATE NORMALS FOR TODAY
                         NORMAL    RECORD    YEAR
 MAXIMUM TEMPERATURE (F)   69        83      2014
 MINIMUM TEMPERATURE (F)   48        36      2013


SUNRISE AND SUNSET
MAY 26 2018...........SUNRISE   521 AM CDT   SUNSET   817 PM CDT
MAY 27 2018...........SUNRISE   520 AM CDT   SUNSET   818 PM CDT


-  INDICATES NEGATIVE NUMBERS.
R  INDICATES RECORD WAS SET OR TIED.
MM INDICATES DATA IS MISSING.
T  INDICATES TRACE AMOUNT.




$$
