292
CDUS43 KUNR 261832
CLIUNR


CLIMATE REPORT
NATIONAL WEATHER SERVICE RAPID CITY SD
1231 PM MDT SAT MAY 26 2018


...................................

...THE EAST RAPID CITY SD CLIMATE SUMMARY FOR MAY 26 2018...
VALID AS OF 1200 PM LOCAL TIME.

CLIMATE NORMAL PERIOD 1981 TO 2010
CLIMATE RECORD PERIOD 1888 TO 2018


WEATHER ITEM   OBSERVED RECORD YEAR NORMAL DEPARTURE LAST
                VALUE   VALUE       VALUE  FROM      YEAR
                                           NORMAL
...........................................................
TEMPERATURE (F)
 TODAY
  MAXIMUM         83     96    1969  69     14       65
  MINIMUM         63     32    1893  48     15       48
  AVERAGE         73                 59     14       57

PRECIPITATION (IN)
  TODAY            0.00   1.25 1996   0.14  -0.14     0.11
  MONTH TO DATE    3.57               3.43   0.14     1.39
  SINCE MAR 1      6.83               6.52   0.31     3.82
  SINCE JAN 1      8.02               7.29   0.73     4.61

SNOWFALL (IN)
  TODAY            0.0    0.2  1893   0.0    0.0      0.0
  MONTH TO DATE    0.0                2.0   -2.0      0.0
  SINCE MAR 1     34.3               22.6   11.7      6.0
  SINCE JUL 1     66.4               49.3   17.1     39.2
  SNOW DEPTH       0

DEGREE DAYS
 HEATING
  TODAY            0                  7     -7        8
  MONTH TO DATE  183                275    -92      246
  SINCE MAR 1   1890               1787    103     1559
  SINCE JUL 1   6992               6741    251     6155

 COOLING
  TODAY            8                  1      7        0
  MONTH TO DATE   35                 10     25       13
  SINCE MAR 1     35                 11     24       13
  SINCE JAN 1     35                 11     24       13
...........................................................





WEATHER CONDITIONS
 THE FOLLOWING WEATHER WAS RECORDED TODAY.
  NO SIGNIFICANT WEATHER WAS OBSERVED.


..........................................................


THE EAST RAPID CITY SD CLIMATE NORMALS FOR TOMORROW
                         NORMAL    RECORD    YEAR
 MAXIMUM TEMPERATURE (F)   70        99      1969
 MINIMUM TEMPERATURE (F)   48        33      2008
                                             1918


SUNRISE AND SUNSET
MAY 26 2018...........SUNRISE   516 AM MDT   SUNSET   824 PM MDT
MAY 27 2018...........SUNRISE   516 AM MDT   SUNSET   825 PM MDT


-  INDICATES NEGATIVE NUMBERS.
R  INDICATES RECORD WAS SET OR TIED.
MM INDICATES DATA IS MISSING.
T  INDICATES TRACE AMOUNT.




$$
