446
CDUS43 KSGF 240646
CLIVIH


CLIMATE REPORT
NATIONAL WEATHER SERVICE SPRINGFIELD MO
145 AM CDT THU MAY 24 2018


...................................

...THE VICHY-ROLLA MO CLIMATE SUMMARY FOR MAY 23 2018...

CLIMATE NORMAL PERIOD 1981 TO 2010
CLIMATE RECORD PERIOD 1888 TO 2018


WEATHER ITEM   OBSERVED TIME   RECORD YEAR NORMAL DEPARTURE LAST
                VALUE   (LST)  VALUE       VALUE  FROM      YEAR
                                                  NORMAL
..................................................................
TEMPERATURE (F)
 YESTERDAY
  MAXIMUM         85    351 PM  90    1996  76      9       66
  MINIMUM         65   1106 PM  42    1963  55     10       50
  AVERAGE         75                        66      9       58

PRECIPITATION (IN)
  YESTERDAY        0.00          1.76 1971   0.16  -0.16     0.09
  MONTH TO DATE    4.50                      3.74   0.76     4.93
  SINCE MAR 1      9.88                     11.41  -1.53    19.16
  SINCE JAN 1     16.93                     15.51   1.42    21.22

DEGREE DAYS
 HEATING
  YESTERDAY        0                         3     -3        7
  MONTH TO DATE    5                       101    -96       99
  SINCE MAR 1   1145                      1029    116      802
  SINCE JUL 1   4720                      4819    -99     3788

 COOLING
  YESTERDAY       10                         3      7        0
  MONTH TO DATE  126                        49     77       53
  SINCE MAR 1    136                        75     61       88
  SINCE JAN 1    136                        75     61       89
..................................................................


WIND (MPH)
  HIGHEST WIND SPEED    14   HIGHEST WIND DIRECTION     E (110)
  HIGHEST GUST SPEED    19   HIGHEST GUST DIRECTION    SE (120)
  AVERAGE WIND SPEED     6.8


SKY COVER
  AVERAGE SKY COVER 0.1


WEATHER CONDITIONS
 THE FOLLOWING WEATHER WAS RECORDED YESTERDAY.
  NO SIGNIFICANT WEATHER WAS OBSERVED.


RELATIVE HUMIDITY (PERCENT)
 HIGHEST    93          1100 PM
 LOWEST     51           200 PM
 AVERAGE    72

..........................................................


THE VICHY-ROLLA MO CLIMATE NORMALS FOR TODAY
                         NORMAL    RECORD    YEAR
 MAXIMUM TEMPERATURE (F)   76        93      1996
 MINIMUM TEMPERATURE (F)   56        41      2001


SUNRISE AND SUNSET
MAY 24 2018...........SUNRISE   550 AM CDT   SUNSET   819 PM CDT
MAY 25 2018...........SUNRISE   549 AM CDT   SUNSET   819 PM CDT


-  INDICATES NEGATIVE NUMBERS.
R  INDICATES RECORD WAS SET OR TIED.
MM INDICATES DATA IS MISSING.
T  INDICATES TRACE AMOUNT.




$$
