000
CDUS42 KMLB 230626
CLIVRB


CLIMATE REPORT
NATIONAL WEATHER SERVICE MELBOURNE FL
226 AM EDT MON APR 23 2018


...................................

...THE VERO BEACH CLIMATE SUMMARY FOR APRIL 22 2018...

CLIMATE NORMAL PERIOD 1981 TO 2010
CLIMATE RECORD PERIOD 1942 TO 2018


WEATHER ITEM   OBSERVED TIME   RECORD YEAR NORMAL DEPARTURE LAST
                VALUE   (LST)  VALUE       VALUE  FROM      YEAR
                                                  NORMAL
..................................................................
TEMPERATURE (F)
 YESTERDAY
  MAXIMUM         82    324 PM  92    1997  81      1       85
                                      1970
  MINIMUM         69    548 AM  50    2009  62      7       71
  AVERAGE         76                        72      4       78

PRECIPITATION (IN)
  YESTERDAY        1.95R         1.41 1954   0.08   1.87      T
  MONTH TO DATE    4.43                      2.04   2.39     2.66
  SINCE MAR 1      4.75                      6.16  -1.41     4.28
  SINCE JAN 1      7.96                     11.33  -3.37     6.24

SNOWFALL (IN)
  YESTERDAY        0.0
  MONTH TO DATE    0.0
  SINCE JUL 1      0.0

DEGREE DAYS
 HEATING
  YESTERDAY        0                         0      0        0
  MONTH TO DATE    2                        13    -11        3
  SINCE MAR 1     98                        68     30       42
  SINCE JUL 1    365                       453    -88      185

 COOLING
  YESTERDAY       11                         7      4       13
  MONTH TO DATE  181                       129     52      205
  SINCE MAR 1    273                       258     15      362
  SINCE JAN 1    562                       397    165      563
..................................................................


WIND (MPH)
  HIGHEST WIND SPEED    30   HIGHEST WIND DIRECTION     E (70)
  HIGHEST GUST SPEED    42   HIGHEST GUST DIRECTION     E (80)
  AVERAGE WIND SPEED    13.9


SKY COVER
  AVERAGE SKY COVER 0.7


WEATHER CONDITIONS
 THE FOLLOWING WEATHER WAS RECORDED YESTERDAY.
  THUNDERSTORM
  HEAVY RAIN
  RAIN
  LIGHT RAIN
  FOG
  HAZE


RELATIVE HUMIDITY (PERCENT)
 HIGHEST    93           900 AM
 LOWEST     62           300 PM
 AVERAGE    78

..........................................................


THE VERO BEACH CLIMATE NORMALS FOR TODAY
                         NORMAL    RECORD    YEAR
 MAXIMUM TEMPERATURE (F)   81        92      1988
 MINIMUM TEMPERATURE (F)   62        46      1993


SUNRISE AND SUNSET
APRIL 23 2018.........SUNRISE   649 AM EDT   SUNSET   751 PM EDT
APRIL 24 2018.........SUNRISE   648 AM EDT   SUNSET   752 PM EDT


-  INDICATES NEGATIVE NUMBERS.
R  INDICATES RECORD WAS SET OR TIED.
MM INDICATES DATA IS MISSING.
T  INDICATES TRACE AMOUNT.




$$
