000
CDUS43 KLBF 280951
CLIVTN


CLIMATE REPORT
NATIONAL WEATHER SERVICE NORTH PLATTE
450 AM CDT MON MAY 28 2018


...................................

...THE VALENTINE NE CLIMATE SUMMARY FOR MAY 27 2018...

CLIMATE NORMAL PERIOD 1981 TO 2010
CLIMATE RECORD PERIOD 1885 TO 2018


WEATHER ITEM   OBSERVED TIME   RECORD YEAR NORMAL DEPARTURE LAST
                VALUE   (LST)  VALUE       VALUE  FROM      YEAR
                                                  NORMAL
..................................................................
TEMPERATURE (F)
 YESTERDAY
  MAXIMUM         95    321 PM  98    1969  74     21       70
  MINIMUM         66   1028 PM  30    1907  48     18       52
  AVERAGE         81                        61     20       61

PRECIPITATION (IN)
  YESTERDAY        0.05          1.97 1995   0.11  -0.06     0.24
  MONTH TO DATE    3.85                      2.66   1.19     5.37
  SINCE MAR 1      7.21                      5.95   1.26     7.49
  SINCE JAN 1      8.48                      6.69   1.79     9.56

SNOWFALL (IN)
  YESTERDAY        0.0           0.0    MM   0.0    0.0      0.0
  MONTH TO DATE    0.0                       0.1   -0.1      0.0
  SINCE MAR 1     25.8                      11.2   14.6      2.7
  SINCE JUL 1     45.5                      33.3   12.2     44.5
  SNOW DEPTH       0

DEGREE DAYS
 HEATING
  YESTERDAY        0                         5     -5        4
  MONTH TO DATE  115                       242   -127      227
  SINCE MAR 1   1717                      1689     28     1447
  SINCE JUL 1   6810                      6925   -115     6206

 COOLING
  YESTERDAY       16                         1     15        0
  MONTH TO DATE   84                        24     60       21
  SINCE MAR 1     87                        28     59       23
  SINCE JAN 1     87                        28     59       23
..................................................................


WIND (MPH)
  HIGHEST WIND SPEED    37   HIGHEST WIND DIRECTION    SW (220)
  HIGHEST GUST SPEED    48   HIGHEST GUST DIRECTION    SW (230)
  AVERAGE WIND SPEED    15.6


SKY COVER
  POSSIBLE SUNSHINE  MM
  AVERAGE SKY COVER 0.0


WEATHER CONDITIONS
 THE FOLLOWING WEATHER WAS RECORDED YESTERDAY.
  THUNDERSTORM
  RAIN
  LIGHT RAIN


RELATIVE HUMIDITY (PERCENT)
 HIGHEST    61          1200 AM
 LOWEST     27           700 PM
 AVERAGE    44

..........................................................


THE VALENTINE NE CLIMATE NORMALS FOR TODAY
                         NORMAL    RECORD    YEAR
 MAXIMUM TEMPERATURE (F)   74        99      1934
 MINIMUM TEMPERATURE (F)   48        29      1947


SUNRISE AND SUNSET
MAY 28 2018...........SUNRISE   608 AM CDT   SUNSET   911 PM CDT
MAY 29 2018...........SUNRISE   608 AM CDT   SUNSET   912 PM CDT


-  INDICATES NEGATIVE NUMBERS.
R  INDICATES RECORD WAS SET OR TIED.
MM INDICATES DATA IS MISSING.
T  INDICATES TRACE AMOUNT.




$$
