000
CDUS46 KPQR 261141
CLIVUO


CLIMATE REPORT
NATIONAL WEATHER SERVICE PORTLAND OREGON
441 AM PDT SAT MAY 26 2018


...................................

...THE VANCOUVER WA CLIMATE SUMMARY FOR MAY 25 2018...

CLIMATE NORMAL PERIOD 1981 TO 2010
CLIMATE RECORD PERIOD 1891 TO 2018


WEATHER ITEM   OBSERVED TIME   RECORD YEAR NORMAL DEPARTURE LAST
                VALUE   (LST)  VALUE       VALUE  FROM      YEAR
                                                  NORMAL
..................................................................
TEMPERATURE (F)
 YESTERDAY
  MAXIMUM         72    426 PM  89    1947  70      2       75
  MINIMUM         53   1159 PM  32    1975  50      3       46
  AVERAGE         63                        60      3       61

PRECIPITATION (IN)
  YESTERDAY        0.00                      0.07  -0.07     0.00
  MONTH TO DATE    0.11                      2.08  -1.97     1.78
  SINCE OCT 1     27.91                     33.94  -6.03    47.63
  SINCE JAN 1     13.72                     18.19  -4.47    27.77

DEGREE DAYS
 HEATING
  YESTERDAY        2                                         4
  MONTH TO DATE   81                                       188
  SINCE JUL 1   4056                                      4420

 COOLING
  YESTERDAY        0                                         0
  MONTH TO DATE   19                                        26
  SINCE JAN 1     22                                        26
..................................................................


WIND (MPH)
  HIGHEST WIND SPEED    16   HIGHEST WIND DIRECTION    NW (310)
  HIGHEST GUST SPEED    23   HIGHEST GUST DIRECTION    NW (310)
  AVERAGE WIND SPEED     8.2


SKY COVER
  POSSIBLE SUNSHINE  MM
  AVERAGE SKY COVER 0.6


WEATHER CONDITIONS
 THE FOLLOWING WEATHER WAS RECORDED YESTERDAY.
  NO SIGNIFICANT WEATHER WAS OBSERVED.


RELATIVE HUMIDITY (PERCENT)
 HIGHEST    83           100 AM
 LOWEST     41           500 PM
 AVERAGE    62

..........................................................




SUNRISE AND SUNSET
MAY 26 2018...........SUNRISE   529 AM PDT   SUNSET   847 PM PDT
MAY 27 2018...........SUNRISE   528 AM PDT   SUNSET   848 PM PDT


-  INDICATES NEGATIVE NUMBERS.
R  INDICATES RECORD WAS SET OR TIED.
MM INDICATES DATA IS MISSING.
T  INDICATES TRACE AMOUNT.




$$
