000
CDUS41 KAKQ 202131
CLIWAL


CLIMATE REPORT
NATIONAL WEATHER SERVICE WAKEFIELD, VA
530 PM EDT FRI APR 20 2018


...................................

...THE WALLOPS ISLAND VA CLIMATE SUMMARY FOR APRIL 20 2018...
VALID TODAY AS OF 0500 PM LOCAL TIME.

CLIMATE NORMAL PERIOD 1981 TO 2010
CLIMATE RECORD PERIOD 1963 TO 2018


WEATHER ITEM   OBSERVED TIME   RECORD YEAR NORMAL DEPARTURE
                VALUE   (LST)  VALUE       VALUE  FROM
                                                  NORMAL
...............................................................
TEMPERATURE (F)
 TODAY
  MAXIMUM         57    359 PM  87    1985  64     -7
  MINIMUM         40    537 AM  34    1986  46     -6
  AVERAGE         49

PRECIPITATION (IN)
  TODAY            0.00          1.15 1991   0.10  -0.10
  MONTH TO DATE    1.85                      2.17  -0.32
  SINCE MAR 1      5.37                      6.17  -0.80
  SINCE JAN 1     10.89                     11.97  -1.08

SNOWFALL (IN)
  TODAY            0.0           0.0    MM
  MONTH TO DATE    T
  SINCE NOV 1     11.8
  SINCE JUL 1     11.8
  SNOW DEPTH       0

DEGREE DAYS
 HEATING
  TODAY           16

 COOLING
  TODAY            0
...............................................................


WIND (MPH)
  HIGHEST WIND SPEED    21   HIGHEST WIND DIRECTION    NW (310)
  HIGHEST GUST SPEED    28   HIGHEST GUST DIRECTION    NW (300)




RELATIVE HUMIDITY (PERCENT)
 HIGHEST    64
 LOWEST     32
 AVERAGE    48

..........................................................


THE WALLOPS ISLAND VA CLIMATE NORMALS FOR TOMORROW
                         NORMAL    RECORD    YEAR
 MAXIMUM TEMPERATURE (F)   65        82      2017
 MINIMUM TEMPERATURE (F)   47        35      1983


SUNRISE AND SUNSET
APRIL 20 2018.........SUNRISE   620 AM EDT   SUNSET   742 PM EDT
APRIL 21 2018.........SUNRISE   618 AM EDT   SUNSET   743 PM EDT


-  INDICATES NEGATIVE NUMBERS.
R  INDICATES RECORD WAS SET OR TIED.
MM INDICATES DATA IS MISSING.
T  INDICATES TRACE AMOUNT.




$$
