000
CDUS45 KRIW 240840
CLIWRL


CLIMATE REPORT
NATIONAL WEATHER SERVICE RIVERTON WY
235 AM MDT THU MAY 24 2018


...................................

...THE WORLAND WY CLIMATE SUMMARY FOR MAY 23 2018...

CLIMATE NORMAL PERIOD 1981 TO 2010
CLIMATE RECORD PERIOD 1947 TO 2018


WEATHER ITEM   OBSERVED TIME   RECORD YEAR NORMAL DEPARTURE LAST
                VALUE   (LST)  VALUE       VALUE  FROM      YEAR
                                                  NORMAL
..................................................................
TEMPERATURE (F)
 YESTERDAY
  MAXIMUM         74    215 PM  91    1967  72      2       71
  MINIMUM         51   1159 PM  30    1966  43      8       35
  AVERAGE         63                        58      5       53

PRECIPITATION (IN)
  YESTERDAY        0.12          0.90 1996   0.04   0.08     0.00
  MONTH TO DATE    1.67                      1.03   0.64     0.84
  SINCE MAR 1      3.63                      2.35   1.28     4.32
  SINCE JAN 1      3.95                      2.77   1.18     4.72

DEGREE DAYS
 HEATING
  YESTERDAY        2                         8     -6       12
  MONTH TO DATE  201                       255    -54      241
  SINCE MAR 1   1770                      1721     49     1480
  SINCE JUL 1   8097                      7722    375     7355

 COOLING
  YESTERDAY        0                         0      0        0
  MONTH TO DATE    0                         0      0        0
  SINCE MAR 1      0                         1     -1        0
  SINCE JAN 1      0                         1     -1        0
..................................................................


WIND (MPH)
  HIGHEST WIND SPEED    20   HIGHEST WIND DIRECTION     W (260)
  HIGHEST GUST SPEED    25   HIGHEST GUST DIRECTION    SW (210)
  AVERAGE WIND SPEED     5.5


SKY COVER
  POSSIBLE SUNSHINE  MM
  AVERAGE SKY COVER 0.6


WEATHER CONDITIONS
 THE FOLLOWING WEATHER WAS RECORDED YESTERDAY.
  LIGHT RAIN
  FOG


RELATIVE HUMIDITY (PERCENT)
 HIGHEST   100          1200 AM
 LOWEST     38           200 PM
 AVERAGE    69

..........................................................


THE WORLAND WY CLIMATE NORMALS FOR TODAY
                         NORMAL    RECORD    YEAR
 MAXIMUM TEMPERATURE (F)   72        91      1969
 MINIMUM TEMPERATURE (F)   43        30      2002


SUNRISE AND SUNSET
MAY 24 2018...........SUNRISE   537 AM MDT   SUNSET   841 PM MDT
MAY 25 2018...........SUNRISE   537 AM MDT   SUNSET   842 PM MDT


-  INDICATES NEGATIVE NUMBERS.
R  INDICATES RECORD WAS SET OR TIED.
MM INDICATES DATA IS MISSING.
T  INDICATES TRACE AMOUNT.




$$
