528
CDAK47 PAJK 271129
CLIYAK
CLIMATE REPORT
NATIONAL WEATHER SERVICE JUNEAU, AK
327 AM AKDT SUN MAY 27 2018


...................................

...THE YAKUTAT CLIMATE SUMMARY FOR MAY 26 2018...

CLIMATE NORMAL PERIOD 1981 TO 2010
CLIMATE RECORD PERIOD 1917 TO 2018


WEATHER ITEM   OBSERVED RECORD YEAR NORMAL DEPARTURE LAST
                VALUE   VALUE       VALUE  FROM      YEAR
                                           NORMAL
...........................................................
TEMPERATURE (F)
 YESTERDAY
  MAXIMUM         56     72    1947  54      2       52
  MINIMUM         34     30    2001  40     -6       35
                               1952
  AVERAGE         45                 47     -2       44

PRECIPITATION (IN)
  YESTERDAY        0.03   1.60 2005   0.26  -0.23     0.14
                               1962
  MONTH TO DATE   14.72               6.95   7.77     8.22
  SINCE JAN 1     41.45              51.70 -10.25    40.11

DEGREE DAYS
 HEATING
  YESTERDAY       20                 18      2       21
  MONTH TO DATE  485                541    -56      526
...........................................................


WIND (MPH)
  HIGHEST WIND SPEED    15   HIGHEST WIND DIRECTION    SE (120)
  HIGHEST GUST SPEED    25   HIGHEST GUST DIRECTION    SE (130)
  AVERAGE WIND SPEED     6.1


SKY COVER
  AVERAGE SKY COVER 0.6


WEATHER CONDITIONS
 THE FOLLOWING WEATHER WAS RECORDED YESTERDAY.
  LIGHT RAIN
  FOG


..........................................................


THE YAKUTAT CLIMATE NORMALS FOR TODAY
                         NORMAL    RECORD    YEAR
 MAXIMUM TEMPERATURE (F)   54        73      2010
 MINIMUM TEMPERATURE (F)   40        26      1936


SUNRISE AND SUNSET
MAY 27 2018...........SUNRISE   420 AM AKDT  SUNSET  1013 PM AKDT
MAY 28 2018...........SUNRISE   418 AM AKDT  SUNSET  1015 PM AKDT


-  INDICATES NEGATIVE NUMBERS.
R  INDICATES RECORD WAS SET OR TIED.
MM INDICATES DATA IS MISSING.
T  INDICATES TRACE AMOUNT.




$$
--------------------------------------------------------------

AMOUNT OF DAYLIGHT TODAY (HOUR:MIN)......... 17 HOURS 53 MINUTES
GAIN/LOSS SINCE YESTERDAY (HOUR:MIN:SEC).... +0:03:38

$$
