000
CDUS41 KPBZ 272114
CLIZZV


CLIMATE REPORT
NATIONAL WEATHER SERVICE PITTSBURGH PA
513 PM EDT SUN MAY 27 2018


...................................

...THE ZANESVILLE OH CLIMATE SUMMARY FOR MAY 27 2018...
VALID TODAY AS OF 0500 PM LOCAL TIME.

CLIMATE NORMAL PERIOD 1981 TO 2010
CLIMATE RECORD PERIOD 1895 TO 2018


WEATHER ITEM   OBSERVED TIME   RECORD YEAR NORMAL DEPARTURE LAST
                VALUE   (LST)  VALUE       VALUE  FROM      YEAR
                                                  NORMAL
..................................................................
TEMPERATURE (F)
 TODAY
  MAXIMUM         85    359 PM  93    1941  75     10       78
  MINIMUM         65    440 AM  35    1925  52     13       60
                                      1915
  AVERAGE         75                        64     11       69

PRECIPITATION (IN)
  TODAY            0.03          2.39 1981   0.14  -0.11     0.31
  MONTH TO DATE    3.69                      3.61   0.08     4.09
  SINCE JUN 1     42.96                     37.28   5.68    36.24
  SINCE JAN 1     20.10                     14.88   5.22    17.62

DEGREE DAYS
 HEATING
  TODAY            0                         4     -4        0
  MONTH TO DATE   17                       169   -152      142
  SINCE MAR 1   1410                      1335     75     1075
  SINCE JUL 1   5359                      5526   -167     4427

 COOLING
  TODAY           10                         2      8        4
  MONTH TO DATE  122                        34     88       38
  SINCE MAR 1    132                        43     89       69
  SINCE JAN 1    137                        43     94       70
..................................................................


WIND (MPH)
  HIGHEST WIND SPEED     8   HIGHEST WIND DIRECTION    NW (330)
  HIGHEST GUST SPEED    10   HIGHEST GUST DIRECTION     N (360)
  AVERAGE WIND SPEED     2.2


SKY COVER
  POSSIBLE SUNSHINE  MM
  AVERAGE SKY COVER 0.6


WEATHER CONDITIONS
 THE FOLLOWING WEATHER WAS RECORDED TODAY.
  LIGHT RAIN
  FOG
  FOG W/VISIBILITY <= 1/4 MILE


RELATIVE HUMIDITY (PERCENT)
 HIGHEST   100           700 AM
 LOWEST     59           300 PM
 AVERAGE    80

..........................................................


THE ZANESVILLE OH CLIMATE NORMALS FOR TOMORROW
                         NORMAL    RECORD    YEAR
 MAXIMUM TEMPERATURE (F)   75        98      1911
 MINIMUM TEMPERATURE (F)   53        33      1907


SUNRISE AND SUNSET
MAY 27 2018...........SUNRISE   603 AM EDT   SUNSET   846 PM EDT
MAY 28 2018...........SUNRISE   603 AM EDT   SUNSET   847 PM EDT


-  INDICATES NEGATIVE NUMBERS.
R  INDICATES RECORD WAS SET OR TIED.
MM INDICATES DATA IS MISSING.
T  INDICATES TRACE AMOUNT.




$$
