000
CXUS54 KAMA 011543
CLMAMA


CLIMATE REPORT
NATIONAL WEATHER SERVICE AMARILLO TX
1042 AM CDT SUN APR 1 2018

...................................

...THE AMARILLO CLIMATE SUMMARY FOR THE MONTH OF MARCH 2018...

CLIMATE NORMAL PERIOD 1981 TO 2010
CLIMATE RECORD PERIOD 1892 TO 2018

WEATHER         OBSERVED          NORMAL  DEPART  LAST YEAR`S
                 VALUE   DATE(S)  VALUE   FROM    VALUE  DATE(S)
                                          NORMAL
................................................................
TEMPERATURE (F)
RECORD
 HIGH              96   03/20/1907
                        03/19/1907
 LOW               -3   03/11/1948
HIGHEST            91   03/23                         92  03/19
LOWEST             22   03/07                         22  03/01
                        03/06
AVG. MAXIMUM     68.9              62.5     6.4     70.7
AVG. MINIMUM     36.3              33.3     3.0     37.1
MEAN             52.6              47.9     4.7     53.9
DAYS MAX >= 90      1               0.1     0.9        2
DAYS MAX <= 32      0               0.6    -0.6        0
DAYS MIN <= 32     11              13.0    -2.0        9
DAYS MIN <= 0       0               0.0     0.0        0

PRECIPITATION (INCHES)
RECORD
 MAXIMUM         4.14   2000
 MINIMUM            T   1950
                        1944
                        1936
TOTALS           0.24              1.39   -1.15     1.98
DAILY AVG.       0.01              0.04   -0.03     0.06
DAYS >= .01         1               6.0    -5.0        5
DAYS >= .10         1               3.2    -2.2        3
DAYS >= .50         0               0.8    -0.8        2
DAYS >= 1.00        0               0.3    -0.3        0
GREATEST
 24 HR. TOTAL    0.24   03/27 TO 03/27

SNOWFALL (INCHES)
RECORDS
 TOTAL           21.5   1934
TOTALS            0.0               2.9    -2.9      0.0
SINCE 7/1           T              16.9   -16.9      8.0
DAYS >= TRACE       0               1.9    -1.9        0
DAYS >= 1.0         0               0.9    -0.9        0
GREATEST
 SNOW DEPTH         0   MM
 24 HR TOTAL      0.0   03/31 TO 03/31

DEGREE_DAYS
HEATING TOTAL     386               532    -146      347
 SINCE 7/1       3292              3809    -517     2905
COOLING TOTAL       9                 2       7       12
 SINCE 1/1          9                 2       7       17
.................................................................

WIND (MPH)
AVERAGE WIND SPEED              14.8
HIGHEST WIND SPEED/DIRECTION    43/260    DATE  03/18
HIGHEST GUST SPEED/DIRECTION    57/260    DATE  03/18

SKY COVER
POSSIBLE SUNSHINE (PERCENT)   MM
NUMBER OF DAYS FAIR           28
NUMBER OF DAYS PC              2
NUMBER OF DAYS CLOUDY          1

AVERAGE RH (PERCENT)     41

WEATHER CONDITIONS. NUMBER OF DAYS WITH
THUNDERSTORM              0     MIXED PRECIP               0
HEAVY RAIN                0     RAIN                       1
LIGHT RAIN                2     FREEZING RAIN              0
LT FREEZING RAIN          0     HAIL                       0
HEAVY SNOW                0     SNOW                       0
LIGHT SNOW                0     SLEET                      0
FOG                       4     FOG W/VIS <= 1/4 MILE      1
HAZE                      2

-  INDICATES NEGATIVE NUMBERS.
R  INDICATES RECORD WAS SET OR TIED.
MM INDICATES DATA IS MISSING.
T  INDICATES TRACE AMOUNT.

$$
