000
CXUS54 KBMX 041322
CLMANB


CLIMATE REPORT
NATIONAL WEATHER SERVICE BIRMINGHAM, AL
819 AM CDT FRI MAY 4 2018

...................................

...THE ANNISTON CLIMATE SUMMARY FOR THE MONTH OF APRIL 2018...

CLIMATE NORMAL PERIOD 1981 TO 2010
CLIMATE RECORD PERIOD 1903 TO 2018

WEATHER         OBSERVED          NORMAL  DEPART  LAST YEAR`S
                 VALUE   DATE(S)  VALUE   FROM    VALUE  DATE(S)
                                          NORMAL
................................................................
TEMPERATURE (F)
RECORD
 HIGH              93   04/17/1955
 LOW               26   04/08/2007
                        04/17/1905
                        01/21/1985
HIGHEST            82   04/13        MM      MM       88  04/29
                        04/03
LOWEST             34   04/17        MM      MM       36  04/08
                        04/05
AVG. MAXIMUM     71.9              74.0    -2.1     79.7
AVG. MINIMUM     45.5              49.5    -4.0     54.1
MEAN             58.7                               66.9
DAYS MAX >= 90      0               0.0     0.0        0
DAYS MAX <= 32      0               0.0     0.0        0
DAYS MIN <= 32      0               0.7    -0.7        0
DAYS MIN <= 0       0               0.0     0.0        0

PRECIPITATION (INCHES)
RECORD
 MAXIMUM        17.30   1979
 MINIMUM         0.17   MM
TOTALS           3.98              4.11   -0.13     5.99
DAILY AVG.       0.13              0.14   -0.01
DAYS >= .01        10               8.6     1.4
DAYS >= .10         7               6.6     0.4
DAYS >= .50         3               2.9     0.1
DAYS >= 1.00        1               1.1    -0.1

DEGREE_DAYS
HEATING TOTAL     196               146      50       51
 SINCE 7/1       2609              2754    -145     1799
COOLING TOTAL      13                49     -36      115
 SINCE 1/1         49                62     -13      160
.................................................................

WIND (MPH)
AVERAGE WIND SPEED              5.9
HIGHEST WIND SPEED/DIRECTION    24/230    DATE  04/18
HIGHEST GUST SPEED/DIRECTION    36/260    DATE  04/14

AVERAGE RH (PERCENT)     65

WEATHER CONDITIONS. NUMBER OF DAYS WITH
THUNDERSTORM              3     MIXED PRECIP               0
HEAVY RAIN                4     RAIN                       5
LIGHT RAIN               10     FREEZING RAIN              0
LT FREEZING RAIN          0     HAIL                       0
HEAVY SNOW                0     SNOW                       0
LIGHT SNOW                0     SLEET                      0
FOG                      13     FOG W/VIS <= 1/4 MILE      1
HAZE                      5

-  INDICATES NEGATIVE NUMBERS.
R  INDICATES RECORD WAS SET OR TIED.
MM INDICATES DATA IS MISSING.
T  INDICATES TRACE AMOUNT.

$$
