000
CXUS53 KAPX 012010
CLMANJ


CLIMATE REPORT
NATIONAL WEATHER SERVICE GAYLORD MI
409 PM EDT SUN APR 1 2018

...................................

...THE SAULT STE MARIE MI CLIMATE SUMMARY FOR THE MONTH OF MARCH 2018...

CLIMATE NORMAL PERIOD 1981 TO 2010
CLIMATE RECORD PERIOD 1888 TO 2018

WEATHER         OBSERVED          NORMAL  DEPART  LAST YEAR`S
                 VALUE   DATE(S)  VALUE   FROM    VALUE  DATE(S)
                                          NORMAL
................................................................
TEMPERATURE (F)
RECORD
 HIGH              83   03/21/2012
 LOW              -28   03/11/1948
HIGHEST            43   03/28        MM      MM       53  03/31
                        03/26
LOWEST              8   03/14        MM      MM       -4  03/03
AVG. MAXIMUM     34.3              34.7    -0.4     33.8
AVG. MINIMUM     19.1              17.9     1.2     18.5
MEAN             26.7              26.3     0.4     26.2
DAYS MAX >= 90      0               0.0     0.0        0
DAYS MAX <= 32     12              11.7     0.3       11
DAYS MIN <= 32     30              27.8     2.2       27
DAYS MIN <= 0       0               2.5    -2.5        2

PRECIPITATION (INCHES)
RECORD
 MAXIMUM           MM   MM
 MINIMUM           MM   MM
TOTALS           1.27              1.95   -0.68     1.95
DAILY AVG.       0.04              0.06   -0.02     0.06
DAYS >= .01         7              12.3    -5.3       17
DAYS >= .10         3               5.3    -2.3        6
DAYS >= .50         1               1.0     0.0        0
DAYS >= 1.00        0               0.1    -0.1        0
GREATEST
 24 HR. TOTAL    0.62   03/27 TO 03/27
 STORM TOTAL       MM
 (MM/DD(HH))            MM

SNOWFALL (INCHES)
RECORDS
 TOTAL             MM   MM
TOTALS            7.9              13.4    -5.5     13.8
SINCE 7/1       100.4             113.6   -13.2    136.9
SNOWDEPTH AVG.     18                16       2       14
DAYS >= TRACE      12              10.1     1.9       15
DAYS >= 1.0         2               4.1    -2.1        5
GREATEST
 SNOW DEPTH        20   03/14                         18  03/05
                        03/13                             03/04
                        03/12
 24 HR TOTAL      4.1   03/31 TO 03/31               3.6

DEGREE_DAYS
HEATING TOTAL    1181              1200     -19
 SINCE 7/1       7008              7326    -318
COOLING TOTAL       0                 0       0
 SINCE 1/1          0                 0       0

FREEZE DATES
RECORD
 EARLIEST     MM
 LATEST       MM
EARLIEST                        MM
LATEST                          MM
.................................................................

WIND (MPH)
AVERAGE WIND SPEED              7.1
HIGHEST WIND SPEED/DIRECTION    25/130    DATE  03/26
HIGHEST GUST SPEED/DIRECTION    34/310    DATE  03/31

SKY COVER
POSSIBLE SUNSHINE (PERCENT)   MM
AVERAGE SKY COVER           0.40
NUMBER OF DAYS FAIR           14
NUMBER OF DAYS PC              9
NUMBER OF DAYS CLOUDY          8

AVERAGE RH (PERCENT)     63

WEATHER CONDITIONS. NUMBER OF DAYS WITH
  0
  1
  0
  0
  1
  0
  2
HAZE                      3

-  INDICATES NEGATIVE NUMBERS.
R  INDICATES RECORD WAS SET OR TIED.
MM INDICATES DATA IS MISSING.
T  INDICATES TRACE AMOUNT.

$$
