000
CXUS51 KBTV 011430
CLMBTV


CLIMATE REPORT
NATIONAL WEATHER SERVICE BURLINGTON VT
1029 AM EDT SUN APR 1 2018

...................................

...THE BURLINGTON VT CLIMATE SUMMARY FOR THE MONTH OF MARCH 2018...

CLIMATE NORMAL PERIOD 1981 TO 2010
CLIMATE RECORD PERIOD 1884 TO 2018

WEATHER         OBSERVED          NORMAL  DEPART  LAST YEAR`S
                 VALUE   DATE(S)  VALUE   FROM    VALUE  DATE(S)
                                          NORMAL
................................................................
TEMPERATURE (F)
RECORD
 HIGH              84   03/31/1998
                        03/29/1946
 LOW              -24   03/04/1938
HIGHEST            54   03/31        39      15       63  03/01
LOWEST             -2   03/18        22     -24        0  03/11
AVG. MAXIMUM     38.1              40.0    -1.9     35.7
AVG. MINIMUM     24.4              22.0     2.4     19.1
MEAN             31.3              31.0     0.3     27.4
DAYS MAX >= 90      0               0.0     0.0        0
DAYS MAX <= 32      6               7.0    -1.0       10
DAYS MIN <= 32     28              25.2     2.8       25
DAYS MIN <= 0       1               1.3    -0.3        1

PRECIPITATION (INCHES)
RECORD
 MAXIMUM         4.53   1913
 MINIMUM         0.22   1915
TOTALS           2.63              2.22    0.41     3.27
DAILY AVG.       0.08              0.07    0.01     0.11
DAYS >= .01        16              12.9     3.1       15
DAYS >= .10         7               6.1     0.9        7
DAYS >= .50         1               1.2    -0.2        3
DAYS >= 1.00        0               0.1    -0.1        0
GREATEST
 24 HR. TOTAL    0.75   03/14 TO 03/14           03/14 TO 03/14
                                                          03/14 TO 03/14EATHER         OBSERVED          NORMAL  DEPART  LAST YEAR`S
                                                          03/14 TO 03/14EATHER         OBSERVED          NORMAL  DEPART  LAST YEAR`S
 STORM TOTAL       MM                                 MM
 (MM/DD(HH))            MM                    03/14(00) TO 03/14(00)
                                                 03/14(00) TO 03/14(00)4EATHER         OBSERVED          NORMAL  DEPART  LAST YEAR`S
                                                 03/14(00) TO 03/14(00)4EATHER         OBSERVED          NORMAL  DEPART  LAST YEAR`S

SNOWFALL (INCHES)
RECORDS
 TOTAL           47.6   5
                        0
                        -26215
TOTALS           30.1              15.8    14.3     36.8
SINCE 7/1        84.5              76.6     7.9     96.0
SNOWDEPTH AVG.      5                 6      -1        4
DAYS >= 1.0         8               3.7     4.3        4
GREATEST
 SNOW DEPTH        12   03/18                         20  03/15
                        03/17
                        03/16
 24 HR TOTAL      8.6   03/14 TO 03/14           03/14 TO 03/14
                                                          03/14 TO 03/14EATHER         OBSERVED          NORMAL  DEPART  LAST YEAR`S
                                                          03/14 TO 03/14EATHER         OBSERVED          NORMAL  DEPART  LAST YEAR`S

DEGREE_DAYS
HEATING TOTAL    1039              1054     -15     1157
 SINCE 7/1       5836              6464    -628     5535
COOLING TOTAL       0                 0       0        0
 SINCE 1/1          0                 0       0        0
.................................................................

WIND (MPH)
AVERAGE WIND SPEED              8.4
HIGHEST WIND SPEED/DIRECTION    36/330    DATE  03/17
HIGHEST GUST SPEED/DIRECTION    45/320    DATE  03/17

SKY COVER
POSSIBLE SUNSHINE (PERCENT)   MM
AVERAGE SKY COVER           0.70
NUMBER OF DAYS FAIR            7
NUMBER OF DAYS PC              6
NUMBER OF DAYS CLOUDY         18

AVERAGE RH (PERCENT)     68

WEATHER CONDITIONS. NUMBER OF DAYS WITH
  0
  0
  0
  0
  5
  1
  0
HAZE                      0

-  INDICATES NEGATIVE NUMBERS.
R  INDICATES RECORD WAS SET OR TIED.
MM INDICATES DATA IS MISSING.
T  INDICATES TRACE AMOUNT.

$$
