000
CXUS55 KMSO 021346
CLMGPI


CLIMATE REPORT
NATIONAL WEATHER SERVICE MISSOULA, MT
746 AM MDT MON APR 2 2018

...................................

...THE KALISPELL MT CLIMATE SUMMARY FOR THE MONTH OF MARCH 2018...

CLIMATE NORMAL PERIOD 1981 TO 2010
CLIMATE RECORD PERIOD 1894 TO 2018

WEATHER         OBSERVED          NORMAL  DEPART  LAST YEAR`S
                 VALUE   DATE(S)  VALUE   FROM    VALUE
                                          NORMAL
.............................................................
TEMPERATURE (F)
RECORD
 HIGH              73   03/30/2004
 LOW              -29   03/03/1960
HIGHEST            56   03/30        MM      MM       59
LOWEST              4   03/04        MM      MM       12
AVG. MAXIMUM     43.8              45.6    -1.8     45.4
AVG. MINIMUM     21.1              25.1    -4.0     27.3
MEAN             32.5              35.4    -2.9
DAYS MAX >= 90      0               0.0     0.0        0
DAYS MAX <= 32      0               2.0    -2.0        1
DAYS MIN <= 32     26              26.1    -0.1       20
DAYS MIN <= 0       0               0.4    -0.4        0

PRECIPITATION (INCHES)
RECORD
 MAXIMUM         2.96   1987
 MINIMUM         0.08   1994
TOTALS           0.76              1.09   -0.33
DAILY AVG.       0.02              0.04   -0.02     0.09
DAYS >= .01         9              11.8    -2.8       21
DAYS >= .10         4               4.0     0.0       11
DAYS >= .50         0               0.2    -0.2        0
DAYS >= 1.00        0               0.0     0.0        0
GREATEST
 24 HR. TOTAL    0.19   03/02 TO 03/02              0.32

SNOWFALL (INCHES)
TOTALS            3.4               5.7    -2.3     11.5
SINCE 7/1        81.5              53.0    28.5     89.8
DAYS >= TRACE      10               5.2     4.8        9
DAYS >= 1.0         1               2.2    -1.2        4
GREATEST
 SNOW DEPTH        16   03/03
 24 HR TOTAL      2.5   03/02 TO 03/02               4.7

DEGREE_DAYS
HEATING TOTAL    1000               919      81
 SINCE 7/1       6656              6771    -115
COOLING TOTAL       0                 0       0
 SINCE 1/1          0                 0       0
..............................................................

WIND (MPH)
AVERAGE WIND SPEED              5.8
HIGHEST WIND SPEED/DIRECTION    36/020    DATE  03/30
HIGHEST GUST SPEED/DIRECTION    47/030    DATE  03/30

SKY COVER
POSSIBLE SUNSHINE (PERCENT)   MM
AVERAGE SKY COVER           0.60
NUMBER OF DAYS FAIR            7
NUMBER OF DAYS PC             12
NUMBER OF DAYS CLOUDY         12

AVERAGE RH (PERCENT)     72

WEATHER CONDITIONS. NUMBER OF DAYS WITH
  0
  2
  0
  0
  4
  0
  7
HAZE                      3

-  INDICATES NEGATIVE NUMBERS.
R  INDICATES RECORD WAS SET OR TIED.
MM INDICATES DATA IS MISSING.
T  INDICATES TRACE AMOUNT.

$$
