000
CXUX51 KGYX 030150
CLMGYX

PWMCLMGYX 000
TTAA00 KGYX 020147


CLIMATE REPORT
NATIONAL WEATHER SERVICE GRAY ME
950 PM EDT WED MAY 2 2018

...................................

...THE GRAY ME CLIMATE SUMMARY FOR THE MONTH OF APRIL 2018...

CLIMATE NORMAL PERIOD 1981 TO 2010
CLIMATE RECORD PERIOD 1995 TO 2018

WEATHER         OBSERVED          NORMAL  DEPART  LAST YEAR`S
                 VALUE   DATE(S)  VALUE   FROM    VALUE
                                          NORMAL
.............................................................
TEMPERATURE (F)
RECORD
 HIGH              91   04/28/2009
 LOW               15   04/04/2016
HIGHEST            70   04/24        79      -9       85
LOWEST             20   04/06        26      -6       29
AVG. MAXIMUM     49.5              53.6    -4.1     56.0
AVG. MINIMUM     32.3              34.9    -2.6     37.5
MEAN             40.9              44.3    -3.4     46.8
DAYS MAX >= 90      0               0.1    -0.1        0
DAYS MAX <= 32      1               0.3     0.7        1
DAYS MIN <= 32     15               9.6     5.4        7
DAYS MIN <= 0       0               0.0     0.0        0

PRECIPITATION (INCHES)
RECORD
 MAXIMUM        10.62   2005
 MINIMUM         0.35   1999
TOTALS           5.10              4.38    0.72     5.00
DAILY AVG.       0.17              0.15    0.02     0.17
DAYS >= .01        14              11.1     2.9       14
DAYS >= .10         9               6.7     2.3        9
DAYS >= .50         2               2.9    -0.9        4
DAYS >= 1.00        2               1.2     0.8        2
GREATEST
 24 HR. TOTAL    2.16   04/16

SNOWFALL (INCHES)
RECORDS
 TOTAL           27.2   2007
TOTALS            2.4               4.8    -2.4     11.0
SINCE 7/1        96.9              83.8    13.1    123.9
SNOWDEPTH AVG.      0
DAYS >= TRACE       9               2.2     6.8        4
DAYS >= 1.0         1               1.0     0.0        1
GREATEST
 SNOW DEPTH         2   04/01                         18
 24 HR TOTAL      2.0   04/06

DEGREE_DAYS
HEATING TOTAL     717               624      93      543
 SINCE 7/1       6594              6775    -181     6400
COOLING TOTAL       0                 1      -1        2
 SINCE 1/1          0                 1      -1        2
..............................................................



-  INDICATES NEGATIVE NUMBERS.
R  INDICATES RECORD WAS SET OR TIED.
MM INDICATES DATA IS MISSING.
T  INDICATES TRACE AMOUNT.

&&

THE SPRING-LIKE WARMTH THAT FINALLY ARRIVED AT THE END OF MARCH MADE
A SWIFT DEPARTURE ONCE APRIL CAME AROUND. SEVERAL BACK TO BACK
TROUGHS OF LOW PRESSURE BROUGHT COLD AIR IN FROM CANADA, WITH THE
APRIL SUN TRIGGERING AFTERNOON SHOWERS. THE FIRST WEEK OF APRIL SAW
FREQUENT SNOW SHOWERS, THOUGH THE SNOW RARELY ACCUMULATED OR STUCK
AROUND. THE HEAVIEST SNOW FELL ON APRIL 6 WHEN 2.0 INCHES WAS
MEASURED. AFTER A BRIEF WARM UP BROUGHT 60 DEGREE WARMTH, MORE COLD
AIR POURED IN FOR THE MIDDLE OF THE MONTH. THE COLDEST DAY WAS APRIL
15 WHEN THE TEMPERATURE WAS BELOW FREEZING ALL DAY. SLEET AND
FREEZING RAIN FELL MOST OF THE DAY, LEAVING AN ICY COATING THAT IS
QUITE UNCOMMON FOR THIS LATE IN THE SEASON. HEAVY RAIN MOVED IN ON
THE 16TH WHEN MORE THAN 2 INCHES OF RAIN FELL WITH TEMPERATURES
WARMING UP JUST A BIT, BUT STAYING BELOW NORMAL. WARMER, SPRING-LIKE
WEATHER FINALLY ARRIVED AGAIN BY THE END OF APRIL, WITH 5 OUT OF 6
DAYS TOPPING 60 DEGREES FROM THE 23RD THRU 28TH.

THE AVERAGE TEMPERATURE FOR THE MONTH WAS 40.9 DEGREES WHICH WAS 3.4
DEGREES BELOW NORMAL AND THE COLDEST APRIL YET RECORDED IN THE SHORT
23-YEAR HISTORY OF OBSERVATIONS AT THE NATIONAL WEATHER SERVICE
OFFICE IN GRAY. UNTIL THIS YEAR, THE COLDEST APRIL ON RECORD WAS IN
2003 WHEN THE AVERAGE TEMPERATURE WAS 41.1 DEGREES. THE WARMEST WAS
IN 2010 AT 49.0 DEGREES. THE TABLE BELOW LISTS THE WARMEST APRILS
RECORDED AT GRAY.

COLDEST AVERAGE TEMPERATURE IN APRIL (SINCE 1996)...
RANK  TEMP  YEAR
1     40.9  2018 <===
2     41.1  2003
3     41.9  2007
4     42.0  1997
5     42.4  2016

A TOTAL OF 5.10 INCHES OF PRECIPITATION FELL WHICH WAS 0.72 INCHES
ABOVE NORMAL. THE HEAVIEST FELL ON APRIL 16 WHEN 2.16 INCHES WAS
RECORDED. THE WETTEST APRIL ON RECORD WAS IN 2005 WHEN 10.62 INCHES
WAS RECORDED. THE DRIEST WAS IN 1999 WHEN ONLY 0.35 INCHES FELL.

ALTHOUGH SNOW WAS OBSERVED ON 9 DAYS IN APRIL, ONLY 2.4 INCHES WAS
MEASURED WHICH WAS 2.4 INCHES BELOW NORMAL. SNOWFALL IN APRIL IS
OFTEN VARIABLE. THE SNOWIEST APRIL WAS IN 2007 WHEN 27.2 INCHES
FELL. NO SNOW FELL IN 1999, AND AN ADDITIONAL 3 YEARS OBSERVED ONLY
A TRACE OF SNOW IN APRIL, MOST RECENTLY IN 2009. THUS, ACCUMULATING
SNOW FALLS IN APRIL IN 83 PERCENT OF YEARS.

$$

KIMBLE
