000
CXUS54 KJAN 011301
CLMHBG


CLIMATE REPORT
NATIONAL WEATHER SERVICE JACKSON MS
759 AM CDT SUN APR 1 2018

...................................

...THE HATTIESBURG CLIMATE SUMMARY FOR THE MONTH OF MARCH 2018...

CLIMATE NORMAL PERIOD 1981 TO 2010
CLIMATE RECORD PERIOD 1948 TO 2018

WEATHER         OBSERVED          NORMAL  DEPART  LAST YEAR`S
                 VALUE   DATE(S)  VALUE   FROM    VALUE  DATE(S)
                                          NORMAL
................................................................
TEMPERATURE (F)
RECORD
 HIGH              89   03/15/2008
                        03/17/2002
                        03/19/1982
 LOW               17   03/03/1980
HIGHEST            84   03/19        MM      MM       86  03/23
                                                          03/21
LOWEST             30   03/15        MM      MM       31  03/16
AVG. MAXIMUM     71.8              71.3     0.5     74.8
AVG. MINIMUM     47.3              46.8     0.5     51.1
MEAN             59.5              59.0     0.5     63.0
DAYS MAX >= 90      0               0.2    -0.2        0
DAYS MAX <= 32      0               0.0     0.0        0
DAYS MIN <= 32      2               1.5     0.5        2
DAYS MIN <= 0       0               0.0     0.0        0

PRECIPITATION (INCHES)
RECORD
 MAXIMUM        13.94   1961
 MINIMUM         0.34   1955
TOTALS           4.51              5.50   -0.99     3.14
DAILY AVG.       0.15              0.18   -0.03     0.10
DAYS >= .01         6                MM      MM        8
DAYS >= .10         5                MM      MM        6
DAYS >= .50         4                MM      MM        3
DAYS >= 1.00        2                MM      MM        0
GREATEST
 24 HR. TOTAL    1.55   03/16 TO 03/16              0.95

SNOWFALL (INCHES)
TOTALS            0.0
SINCE 7/1         5.7
DAYS >= TRACE       0
DAYS >= 1.0         0
GREATEST
 24 HR TOTAL      0.0   03/31 TO 03/31

DEGREE_DAYS
HEATING TOTAL     208               217      -9      143
 SINCE 7/1       1783              1895    -112     1110
COOLING TOTAL      47                33      14       88
 SINCE 1/1        129                48      81      157
.................................................................

WIND (MPH)
AVERAGE WIND SPEED              6.2
HIGHEST WIND SPEED/DIRECTION    28/340    DATE  03/01
HIGHEST GUST SPEED/DIRECTION    37/310    DATE  03/01

SKY COVER
POSSIBLE SUNSHINE (PERCENT)   MM
AVERAGE SKY COVER           0.40
NUMBER OF DAYS FAIR           16
NUMBER OF DAYS PC              9
NUMBER OF DAYS CLOUDY          6

AVERAGE RH (PERCENT)     71

WEATHER CONDITIONS. NUMBER OF DAYS WITH
THUNDERSTORM              4     MIXED PRECIP               0
HEAVY RAIN                4     RAIN                       6
LIGHT RAIN                9     FREEZING RAIN              0
LT FREEZING RAIN          0     HAIL                       0
HEAVY SNOW                0     SNOW                       0
LIGHT SNOW                0     SLEET                      0
FOG                      11     FOG W/VIS <= 1/4 MILE      2
HAZE                      3

-  INDICATES NEGATIVE NUMBERS.
R  INDICATES RECORD WAS SET OR TIED.
MM INDICATES DATA IS MISSING.
T  INDICATES TRACE AMOUNT.

$$
