000
CXUS53 KGLD 031355
CLMHLC
CLIMATE REPORT
NATIONAL WEATHER SERVICE
755 AM MDT WED APR 03 2024
...................................
...THE HILL CITY KS CLIMATE SUMMARY FOR THE MONTH OF MARCH 2024...
CLIMATE NORMAL PERIOD: 1991 TO 2020
CLIMATE RECORD PERIOD: 1896 TO 2024
WEATHER OBSERVED NORMAL DEPART LAST YEAR`S
VALUE DATE(S) VALUE FROM VALUE DATE(S)
NORMAL
................................................................
TEMPERATURE (F)
RECORD
HIGH 94 03/16/2015
03/10/1989
05/31/2002
LOW -17 03/03/1960
HIGHEST 82 03/02 81 1 80 03/30
LOWEST 17 03/18 10 7 8 03/19
AVG. MAXIMUM 62.2 57.4 4.8 52.8
AVG. MINIMUM 32.2 28.7 3.5 25.6
MEAN 47.2 43.0 4.2 39.2
DAYS MAX >= 90 0 0.1 -0.1 0
DAYS MAX <= 32 0 1.2 -1.2 0
DAYS MIN <= 32 11 20.1 -9.1 24
DAYS MIN <= 0 0 0.4 -0.4 0
PRECIPITATION (INCHES)
RECORD
MAXIMUM 7.98 1987
MINIMUM 0.00 1997
TOTALS 0.74 1.08 -0.34 0.34
DAILY AVG. 0.02 0.03 -0.01 0.01
DAYS >= .01 4 5.2 -1.2 7
DAYS >= .10 1 2.1 -1.1 1
DAYS >= .50 1 0.7 0.3 0
DAYS >= 1.00 0 0.1 -0.1 0
GREATEST
24 HR. TOTAL 0.63 03/24 TO 03/24 0.13
STORM TOTAL 0.63
(MM/DD(HH))
................................................................
- INDICATES NEGATIVE NUMBERS.
R INDICATES RECORD WAS SET OR TIED.
MM INDICATES DATA IS MISSING.
T INDICATES TRACE AMOUNT.
$$