000
CXUS54 KLUB 102022
CLMLBB


CLIMATE REPORT...CORRECTED
NATIONAL WEATHER SERVICE LUBBOCK, TX
316 PM CDT THU MAY 10 2018

...................................

...CORRECTED FOR MISSING WEATHER CONDITIONS...

...THE LUBBOCK CLIMATE SUMMARY FOR THE MONTH OF APRIL 2018...

CLIMATE NORMAL PERIOD 1981 TO 2010
CLIMATE RECORD PERIOD 1911 TO 2018

WEATHER         OBSERVED          NORMAL  DEPART  LAST YEAR`S
                 VALUE   DATE(S)  VALUE   FROM    VALUE  DATE(S)
                                          NORMAL
................................................................
TEMPERATURE (F)
RECORD
 HIGH             104   04/25/2012
 LOW               18   04/04/1920
HIGHEST            95   04/12                         94  04/24
LOWEST             27   04/07                         36  04/30
AVG. MAXIMUM     76.6              75.4     1.2     76.6
AVG. MINIMUM     42.7              45.7    -3.0     48.9
MEAN             59.6              60.5    -0.9     62.8
DAYS MAX >= 90      5               1.3     3.7        3
DAYS MAX <= 32      0               0.0     0.0        0
DAYS MIN <= 32      4               1.3     2.7        0
DAYS MIN <= 0       0               0.0     0.0        0

PRECIPITATION (INCHES)
RECORD
 MAXIMUM         6.18   1915
 MINIMUM         0.00   2011
TOTALS           0.03              1.41   -1.38     1.32
DAILY AVG.       0.00              0.05   -0.05     0.04
DAYS >= .01         1                                  3
DAYS >= .10         0                                  2
DAYS >= .50         0                                  2
DAYS >= 1.00        0                                  0
GREATEST
 24 HR. TOTAL    0.03   04/29 TO 04/29

SNOWFALL (INCHES)
RECORDS
 TOTAL            6.8   1942
 24 HR TOTAL       MM
 SNOW DEPTH        MM   MM
TOTALS            0.0               0.2    -0.2        T
SINCE 7/1         0.3               8.2    -7.9      0.2
SNOWDEPTH AVG.      0                MM      MM        0
DAYS >= TRACE       0               0.2    -0.2        1
DAYS >= 1.0         0               0.1    -0.1        0
GREATEST
 SNOW DEPTH         0   MM                             0  MM
 24 HR TOTAL      0.0

DEGREE_DAYS
HEATING TOTAL     208               183      25      141
 SINCE 7/1       3014              3337    -323     2445
COOLING TOTAL      53                49       4       79
 SINCE 1/1         83                56      27      129
.................................................................

WIND (MPH)
AVERAGE WIND SPEED              15.2
HIGHEST WIND SPEED/DIRECTION    44/150    DATE  04/20
HIGHEST GUST SPEED/DIRECTION    55/270    DATE  04/13

SKY COVER
POSSIBLE SUNSHINE (PERCENT)   MM
AVERAGE SKY COVER           0.40
NUMBER OF DAYS FAIR           11
NUMBER OF DAYS PC             17
NUMBER OF DAYS CLOUDY          2

AVERAGE RH (PERCENT)     43

WEATHER CONDITIONS. NUMBER OF DAYS WITH
THUNDERSTORM              3     MIXED PRECIP                0
HEAVY RAIN                0     RAIN                        0
LIGHT RAIN                4     FREEZING RAIN               0
LT FREEZING RAIN          0     HAIL                        0
HEAVY SNOW                0     SNOW                        0
LIGHT SNOW                0     SLEET                       0
FOG                       4     FOG W/VIS <= 1/4 MILE       0
HAZE                     13
-  INDICATES NEGATIVE NUMBERS.
R  INDICATES RECORD WAS SET OR TIED.
MM INDICATES DATA IS MISSING.
T  INDICATES TRACE AMOUNT.

$$
