000
CXUS53 KOAX 031853
CLMLNK

CLIMATE REPORT
NATIONAL WEATHER SERVICE OMAHA NEBRASKA
1255 PM CDT SUN APR 1 2018

...................................

...THE LINCOLN, NEBRASKA CLIMATE SUMMARY FOR THE MONTH OF MARCH 2018...

CLIMATE NORMAL PERIOD 1981 TO 2010
CLIMATE RECORD PERIOD 1887 TO 2018

WEATHER         OBSERVED          NORMAL  DEPART
                 VALUE   DATE(S)  VALUE   FROM
                                          NORMAL
................................................
TEMPERATURE (F)
HIGHEST            73   03/03
LOWEST             12   03/08
AVG. MAXIMUM     52.2              52.3    -0.1
AVG. MINIMUM     29.8              27.9     1.9
MEAN             41.0              40.1     0.9
DAYS MAX >= 90      0
DAYS MAX <= 32      0
DAYS MIN <= 32     18
DAYS MIN <= 0       0

PRECIPITATION (INCHES)
RECORD
 MAXIMUM         6.65   1973
 MINIMUM         0.06   1994
TOTALS           2.71              1.93    0.78
DAILY AVG.       0.09
DAYS >= .01        12
DAYS >= .10         6
DAYS >= .50         1
DAYS >= 1.00        0
GREATEST
 24 HR. TOTAL    0.90   03/23 TO 03/24

SNOWFALL (INCHES)
RECORDS
 TOTAL           21.3   1912
TOTALS            0.7               4.8
SINCE 7/1        18.4
DAYS >= 1.0         0               1.3    -1.3
GREATEST
 SNOW DEPTH         1   03/07
 24 HR TOTAL      0.6   03/06

DEGREE DAYS
HEATING TOTAL     736               773     -37
 SINCE 7/1       5335              5476    -141
COOLING TOTAL       0                 1      -1
 SINCE 1/1          0                 1      -1
.................................................

WIND (MPH)
AVERAGE WIND SPEED              12.1
HIGHEST WIND SPEED/DIRECTION    39/290    DATE  03/06
HIGHEST GUST SPEED/DIRECTION    55/300    DATE  03/06

SKY COVER
AVERAGE SKY COVER           0.50


WEATHER CONDITIONS. NUMBER OF DAYS WITH
THUNDERSTORM              4     MIXED PRECIP               0
HEAVY RAIN                6     RAIN                       6
LIGHT RAIN               11     FREEZING RAIN              0
LT FREEZING RAIN          0     HAIL                       0
HEAVY SNOW                0     SNOW                       0
LIGHT SNOW                4     SLEET                      0
FOG                      13     FOG W/VIS <= 1/4 MILE      0
HAZE                      6

-  INDICATES NEGATIVE NUMBERS.
R  INDICATES RECORD WAS SET OR TIED.
MM INDICATES DATA IS MISSING.
T  INDICATES TRACE AMOUNT.
>= INDICATES GREATER THAN OR EQUAL TO.
<= INDICATES LESS TAN OR EQUAL TO.

&&

...MARCH WAS A BIT WARMER AND WETTER THAN NORMAL IN LINCOLN...

THE AVERAGE TEMPERATURE FOR THE MONTH WAS 41.0 DEGREES OR 0.9
DEGREES ABOVE NORMAL. PRECIPITATION MEASURED 2.71 INCHES,
WHICH 0.78 ABOVE NORMAL. SNOWFALL WAS 0.7 INCHES, 4.1 INCHES
BELOW NORMAL.

FEBRUARY STARTED OFF WARM WITH THE FIRST 5 DAYS AVERAGING
12.8 DEGREES ABOVE NORMAL. FOR THE REST OF THE MONTH TEMPERATURES
AVERAGED SLIGHTLY ABOVE TO BELOW NORMAL. THE WARMEST TEMPERATURE
WAS ON THE 3RD WHEN THE HIGH REACHED 73 DEGREES AND THE COLDEST
WAS 12 DEGREES ON THE 8TH.

THERE WAS NO SIGNIFICANT STORM DURING THE MONTH BUT A SERIES OF
COLD FRONTS DID MOVE THROUGH THE AREA PRODUCING SHOWERS AND
THUNDERSTORMS. THE GREATEST SNOWFALL DURING THE MONTH WAS 0.6
INCHES ON THE 6TH WITH 5 DAYS IN WHICH A TRACE OR MORE OF SNOW WAS
REPORTED. THE GREATEST SNOW DEPTH ON THE GROUND DURING THE MONTH
WAS 1 INCH ON THE 7TH. THE GREATEST 24 HOUR RAINFALL WAS 0.89
INCHES ON THE 23RD

THE HIGHEST WINDS OF THE MONTH OCCURRED ON THE 6TH WITH GUSTS
REACHING 55 MPH FROM THE NORTHWEST.

NO RECORDS WERE SET DURING THE MONTH.


$$
