000
CXUS54 KMEG 011416
CLMMEM


CLIMATE REPORT
NATIONAL WEATHER SERVICE MEMPHIS TN
914 AM CDT TUE MAY 1 2018

...................................

...THE MEMPHIS CLIMATE SUMMARY FOR THE MONTH OF APRIL 2018...

CLIMATE NORMAL PERIOD 1981 TO 2010
CLIMATE RECORD PERIOD 1872 TO 2018

WEATHER         OBSERVED          NORMAL  DEPART  LAST YEAR`S
                 VALUE   DATE(S)  VALUE   FROM    VALUE  DATE(S)
                                          NORMAL
................................................................
TEMPERATURE (F)
RECORD
 HIGH              94   04/21/1987
 LOW               27   04/02/1881
                        04/01/1881
HIGHEST            80   04/12        73       7       88  04/29
LOWEST             30   04/08        52     -22       44  04/08
                                                          04/07
AVG. MAXIMUM     67.0              73.0    -6.0     76.9
AVG. MINIMUM     45.7              52.9    -7.2     56.4
MEAN             56.3              62.9    -6.6     66.6
DAYS MAX >= 90      0               0.2    -0.2        0
DAYS MAX <= 32      0               0.0     0.0        0
DAYS MIN <= 32      1               0.2     0.8        0
DAYS MIN <= 0       0               0.0     0.0        0

PRECIPITATION (INCHES)
RECORD
 MAXIMUM        17.13   1991
 MINIMUM         0.89   1925
TOTALS           7.86              5.50    2.36     5.36
DAILY AVG.       0.26              0.18    0.08     0.18
DAYS >= .01         9               9.6    -0.6       13
DAYS >= .10         6               7.0    -1.0       10
DAYS >= .50         4               3.8     0.2        4
DAYS >= 1.00        3               2.0     1.0        2
GREATEST
 24 HR. TOTAL    3.02   04/14 TO 04/14

SNOWFALL (INCHES)
RECORDS
 TOTAL              T   2008
                        1971
                        1920
TOTALS            0.0               0.0     0.0      0.0
SINCE 7/1         2.5               3.8    -1.3      2.0
SNOWDEPTH AVG.      0                MM      MM        0
DAYS >= 1.0         0               0.0     0.0        0
GREATEST
 SNOW DEPTH         0   MM                             0  MM
 24 HR TOTAL      0.0   04/30 TO 04/30

DEGREE_DAYS
HEATING TOTAL     266               137     129       57
 SINCE 7/1       3018              2945      73     2036
COOLING TOTAL      12                75     -63      114
 SINCE 1/1         30                95     -65      174
.................................................................

WIND (MPH)
AVERAGE WIND SPEED              9.7
HIGHEST WIND SPEED/DIRECTION    31/210    DATE  04/03
HIGHEST GUST SPEED/DIRECTION    43/170    DATE  04/13

SKY COVER
POSSIBLE SUNSHINE (PERCENT)   MM
AVERAGE SKY COVER           0.50
NUMBER OF DAYS FAIR           10
NUMBER OF DAYS PC              9
NUMBER OF DAYS CLOUDY         11

AVERAGE RH (PERCENT)     65

WEATHER CONDITIONS. NUMBER OF DAYS WITH
  0
  7
  0
  0
  0
  0
  1
HAZE                      1

-  INDICATES NEGATIVE NUMBERS.
R  INDICATES RECORD WAS SET OR TIED.
MM INDICATES DATA IS MISSING.
T  INDICATES TRACE AMOUNT.

$$
