000
CXUS52 KMLB 011600
CLMMLB


CLIMATE REPORT
NATIONAL WEATHER SERVICE MELBOURNE FL
1035 AM EDT SUN APR 1 2018

...................................

...THE MELBOURNE CLIMATE SUMMARY FOR THE MONTH OF MARCH 2018...

CLIMATE NORMAL PERIOD 1981 TO 2010
CLIMATE RECORD PERIOD 1939 TO 2018

WEATHER         OBSERVED          NORMAL  DEPART  LAST YEAR`S
                 VALUE   DATE(S)  VALUE   FROM    VALUE  DATE(S)
                                          NORMAL
................................................................
TEMPERATURE (F)
 HOTTEST         72.7   1948
 COLDEST         60.2   1969
DAILY RECORD
 HIGH              93   03/28/1994
 LOW               25   03/03/1980
MARCH 2018
HIGHEST            90   03/19                         90
LOWEST             39   03/16                         39
AVG. MAXIMUM     78.1              76.7     1.4     79.6
AVG. MINIMUM     54.0              55.1    -1.1     59.4
MEAN             66.0              65.9     0.1     69.5
DAYS MAX >= 90      1               0.2     0.8        2
DAYS MAX <= 32      0               0.0     0.0        0
DAYS MIN <= 32      0               0.0     0.0        0
DAYS MIN <= 0       0               0.0     0.0        0

PRECIPITATION (INCHES)
MONTHLY RECORD
 MAXIMUM        11.58   1996
 MINIMUM         0.03   1956
DAILY RECORD
 MAXIMUM         5.24   03/11/1996
MARCH 2018
TOTALS           0.45              3.28   -2.83     0.41
DAYS >= .01         4               7.3    -3.3        6
DAYS >= .10         2               4.5    -2.5        1
DAYS >= .50         0               2.0    -2.0        0
DAYS >= 1.00        0               1.0    -1.0        0
GREATEST
 24 HR. TOTAL    0.24   03/20 TO 03/20

SNOWFALL (INCHES)
TOTALS            0.0               0.0     0.0      0.0
SINCE 7/1         0.0               0.0     0.0      0.0
DAYS >= TRACE       0                                  0

DEGREE_DAYS
HEATING TOTAL      87                71      16       39
 SINCE 7/1        340               560    -220      217
COOLING TOTAL     128                99      29      185
 SINCE 1/1        461               197     264      363
.................................................................

WIND (MPH)
AVERAGE WIND SPEED              9.9
HIGHEST WIND SPEED/DIRECTION    37/180    DATE  03/20
HIGHEST GUST SPEED/DIRECTION    53/180    DATE  03/20

SKY COVER
POSSIBLE SUNSHINE (PERCENT)   MM
AVERAGE SKY COVER           0.20
NUMBER OF DAYS FAIR           25
NUMBER OF DAYS PC              5
NUMBER OF DAYS CLOUDY          1

AVERAGE RH (PERCENT)     60

WEATHER CONDITIONS. NUMBER OF DAYS WITH
THUNDERSTORM              1     MIXED PRECIP                   0
HEAVY RAIN                2     RAIN                           2
LIGHT RAIN                7     LT FREEZING RAIN               0
HAIL                      0     LIGHT SNOW                     0
SLEET                     0     FOG                            5
FOG W/VIS <= 1/4 MILE     0     HAZE                           2

-  INDICATES NEGATIVE NUMBERS.
R  INDICATES RECORD WAS SET OR TIED.
MM INDICATES DATA IS MISSING.
T  INDICATES TRACE AMOUNT.

$$
