000
CXUS53 KILX 011511
CLMMTO


CLIMATE REPORT
NATIONAL WEATHER SERVICE LINCOLN IL
956 AM CDT SUN APR 1 2018

...................................

...THE MATTOON IL AIRPORT CLIMATE SUMMARY FOR THE MONTH OF MARCH 2018...

CLIMATE NORMAL PERIOD 1981 TO 2010
CLIMATE RECORD PERIOD 9999 TO 9999

WEATHER         OBSERVED          NORMAL  DEPART  LAST YEAR`S
                 VALUE   DATE(S)  VALUE   FROM    VALUE
                                          NORMAL
.............................................................
TEMPERATURE (F)
RECORD
 HIGH              MM   MM
 LOW               MM   MM
HIGHEST            62   03/19        MM      MM       72
LOWEST             17   03/14        MM      MM       14
AVG. MAXIMUM     48.6              52.2    -3.6     53.3
AVG. MINIMUM     29.7              32.8    -3.1     34.5
MEAN             39.1              42.5    -3.4     43.9
DAYS MAX >= 90      0               0.0     0.0        0
DAYS MAX <= 32      0               1.2    -1.2        1
DAYS MIN <= 32     22              15.7     6.3       14
DAYS MIN <= 0       0               0.0     0.0        0

PRECIPITATION (INCHES)
RECORD
 MAXIMUM           MM   MM
 MINIMUM           MM   MM
TOTALS           3.20              2.57    0.63     1.41
DAILY AVG.       0.10              0.08    0.02     0.05
DAYS >= .01        10                MM      MM        7
DAYS >= .10         7                MM      MM        3
DAYS >= .50         2                MM      MM        1
DAYS >= 1.00        1                MM      MM        0
GREATEST
 24 HR. TOTAL    1.09   03/24 TO 03/24              0.50

DEGREE_DAYS
HEATING TOTAL     794               699      95      648
 SINCE 7/1       4887              4903     -16     4029
COOLING TOTAL       0                 1      -1        0
 SINCE 1/1          0                 1      -1        0
..............................................................

WIND (MPH)
AVERAGE WIND SPEED              11.0
HIGHEST WIND SPEED/DIRECTION    31/320    DATE  03/01
HIGHEST GUST SPEED/DIRECTION    38/110    DATE  03/24

SKY COVER
POSSIBLE SUNSHINE (PERCENT)   MM
AVERAGE SKY COVER           0.50
NUMBER OF DAYS FAIR           12
NUMBER OF DAYS PC             10
NUMBER OF DAYS CLOUDY          9

AVERAGE RH (PERCENT)     69



-  INDICATES NEGATIVE NUMBERS.
R  INDICATES RECORD WAS SET OR TIED.
MM INDICATES DATA IS MISSING.
T  INDICATES TRACE AMOUNT.

$$

JRP
