000
CXUS51 KALY 011334
CLMPSF


CLIMATE REPORT
NATIONAL WEATHER SERVICE ALBANY NY
932 AM EDT TUE MAY 1 2018

...................................

...THE PITTSFIELD MA CLIMATE SUMMARY FOR THE MONTH OF APRIL 2018...

CLIMATE NORMAL PERIOD 1981 TO 2010
CLIMATE RECORD PERIOD 9999 TO 9999

WEATHER         OBSERVED          NORMAL  DEPART  LAST YEAR`S
                 VALUE   DATE(S)  VALUE   FROM    VALUE  DATE(S)
                                          NORMAL
................................................................
TEMPERATURE (F)
HIGHEST            67   04/24                         83  04/11
                        04/23
LOWEST             18   04/06                         27  04/09
                                                          04/03
AVG. MAXIMUM     48.4              54.6    -6.2     59.6
AVG. MINIMUM     29.6              33.7    -4.1     38.4
MEAN             39.0              44.2    -5.2     49.0
DAYS MAX >= 90      0               0.0     0.0        0
DAYS MAX <= 32      0               0.7    -0.7        0
DAYS MIN <= 32     23              13.0    10.0        9
DAYS MIN <= 0       0               0.0     0.0        0

PRECIPITATION (INCHES)
TOTALS           3.63              3.86   -0.23     3.29
DAILY AVG.       0.12              0.13   -0.01     0.11
DAYS >= .01        17                                 14
DAYS >= .10        11                                 11
DAYS >= .50         1                                  1
DAYS >= 1.00        0                                  1
GREATEST
 24 HR. TOTAL    0.89   04/16 TO 04/16

DEGREE_DAYS
HEATING TOTAL     774               628     146      476
 SINCE 7/1       6649              7035    -386     6309
COOLING TOTAL       0                 2      -2        2
 SINCE 1/1          0                 2      -2        2

FREEZE DATES
EARLIEST                        10/04
LATEST                          05/07
.................................................................

WIND (MPH)
AVERAGE WIND SPEED              8.1
HIGHEST WIND SPEED/DIRECTION    40/270    DATE  04/04
HIGHEST GUST SPEED/DIRECTION    56/290    DATE  04/04

SKY COVER
AVERAGE SKY COVER           0.60

AVERAGE RH (PERCENT)     65

-  INDICATES NEGATIVE NUMBERS.
R  INDICATES RECORD WAS SET OR TIED.
MM INDICATES DATA IS MISSING.
T  INDICATES TRACE AMOUNT.

$$
