000
CXUS55 KLKN 011639
CLMTPH


CLIMATE REPORT
NATIONAL WEATHER SERVICE ELKO NV
928 AM PDT TUE MAY 1 2018

...................................

...THE TONOPAH AIRPORT NV CLIMATE SUMMARY FOR THE MONTH OF APRIL 2018...

CLIMATE NORMAL PERIOD 1981 TO 2010
CLIMATE RECORD PERIOD 1954 TO 2018

WEATHER         OBSERVED          NORMAL  DEPART  LAST YEAR`S
                 VALUE   DATE(S)  VALUE   FROM    VALUE  DATE(S)
                                          NORMAL
................................................................
TEMPERATURE (F)
RECORD
 HIGH              88   04/30/1981
 LOW                9   04/02/1958
HIGHEST            84   04/26        79       5       75  04/30
LOWEST             26   04/18        23       3       25  04/09
AVG. MAXIMUM     68.7              64.4     4.3     65.0
AVG. MINIMUM     38.6              34.6     4.0     36.4
MEAN             53.6              49.5     4.1     50.7
DAYS MAX >= 90      0               0.0     0.0        0
DAYS MAX <= 32      0               0.0     0.0        0
DAYS MIN <= 32      6              10.7    -4.7        7
DAYS MIN <= 0       0               0.0     0.0        0

PRECIPITATION (INCHES)
RECORD
 MAXIMUM         2.13   1988
 MINIMUM         0.00   2008
                        1997
                        1993
TOTALS              T              0.42   -0.42     0.17
DAILY AVG.          T              0.01   -0.01     0.01
DAYS >= .01         0               3.5    -3.5        2
DAYS >= .10         0               1.4    -1.4        1
DAYS >= .50         0               0.1    -0.1        0
DAYS >= 1.00        0               0.0     0.0        0
GREATEST
 24 HR. TOTAL       T   04/29 TO 04/29              0.14
                        04/19 TO 04/19
                        04/17 TO 04/17

DEGREE_DAYS
HEATING TOTAL     336               466    -130      422
 SINCE 7/1       4640              5193    -553     4818
COOLING TOTAL       2                 1       1        0
 SINCE 1/1          2                 1       1        0
.................................................................

WIND (MPH)
AVERAGE WIND SPEED              12.1
HIGHEST WIND SPEED/DIRECTION    40/340    DATE  04/12
HIGHEST GUST SPEED/DIRECTION    48/340    DATE  04/12

AVERAGE RH (PERCENT)     31

WEATHER CONDITIONS. NUMBER OF DAYS WITH
THUNDERSTORM              0     MIXED PRECIP               0
HEAVY RAIN                0     RAIN                       0
LIGHT RAIN                4     FREEZING RAIN              0
LT FREEZING RAIN          0     HAIL                       0
HEAVY SNOW                1     SNOW                       0
LIGHT SNOW                3     SLEET                      0
FOG                       3     FOG W/VIS <= 1/4 MILE      1
HAZE                      1

-  INDICATES NEGATIVE NUMBERS.
R  INDICATES RECORD WAS SET OR TIED.
MM INDICATES DATA IS MISSING.
T  INDICATES TRACE AMOUNT.

&&

=====================================================================

...8TH WARMEST APRIL ON RECORD IN TONOPAH...
...TIED THIRD DRIEST APRIL ON RECORD IN TONOPAH...

A RECORD DAILY MAXIMUM TEMPERATURE OF 79 DEGREES WAS SET ON THE 11TH.
A RECORD DAILY MAXIMUM TEMPERATURE OF 81 DEGREES WAS SET ON THE 25TH.
A RECORD DAILY MAXIMUM TEMPERATURE OF 84 DEGREES WAS SET ON THE 26TH.

$$

DS
