000
CXUS53 KAPX 012010
CLMTVC


CLIMATE REPORT
NATIONAL WEATHER SERVICE GAYLORD MI
409 PM EDT SUN APR 1 2018

...................................

...THE TRAVERSE CITY MI CLIMATE SUMMARY FOR THE MONTH OF MARCH 2018...

CLIMATE NORMAL PERIOD 1981 TO 2010
CLIMATE RECORD PERIOD 1896 TO 2018

WEATHER         OBSERVED          NORMAL  DEPART  LAST YEAR`S
                 VALUE   DATE(S)  VALUE   FROM    VALUE  DATE(S)
                                          NORMAL
................................................................
TEMPERATURE (F)
RECORD
 HIGH              87   03/21/2012
 LOW              -30   03/03/1943
HIGHEST            54   03/26        MM      MM       61  03/07
LOWEST             10   03/11        MM      MM        3  03/04
AVG. MAXIMUM     38.2              39.9    -1.7     38.5
AVG. MINIMUM     22.8              21.6     1.2     24.3
MEAN             30.5              30.8    -0.3     31.4
DAYS MAX >= 90      0               0.0     0.0        0
DAYS MAX <= 32      6               7.2    -1.2        9
DAYS MIN <= 32     31              26.3     4.7       22
DAYS MIN <= 0       0               1.5    -1.5        0

PRECIPITATION (INCHES)
RECORD
 MAXIMUM           MM   MM
 MINIMUM           MM   MM
TOTALS           0.80              1.86   -1.06     1.73
DAILY AVG.       0.03              0.06   -0.03     0.06
DAYS >= .01         9              11.5    -2.5       10
DAYS >= .10         3               5.0    -2.0        4
DAYS >= .50         0               0.9    -0.9        1
DAYS >= 1.00        0               0.1    -0.1        0
GREATEST
 24 HR. TOTAL    0.30   03/31 TO 03/31
 STORM TOTAL       MM
 (MM/DD(HH))            MM

SNOWFALL (INCHES)
RECORDS
 TOTAL             MM   MM
TOTALS             MM              10.7      MM       MM
SINCE 7/1          MM              98.7      MM       MM
SNOWDEPTH AVG.     MM                 4      MM       MM
DAYS >= TRACE       0               7.2    -7.2        0
DAYS >= 1.0         0               3.5    -3.5        0
GREATEST
 SNOW DEPTH        MM                                 MM  MM
 24 HR TOTAL       MM                                 MM

DEGREE_DAYS
HEATING TOTAL    1063              1062       1
 SINCE 7/1       5966              6402    -436
COOLING TOTAL       0                 0       0
 SINCE 1/1          0                 0       0

FREEZE DATES
RECORD
 EARLIEST     MM
 LATEST       MM
EARLIEST                        MM
LATEST                          MM
.................................................................

WIND (MPH)
AVERAGE WIND SPEED              7.4
HIGHEST WIND SPEED/DIRECTION    31/280    DATE  03/31
HIGHEST GUST SPEED/DIRECTION    36/280    DATE  03/31

SKY COVER
POSSIBLE SUNSHINE (PERCENT)   MM
AVERAGE SKY COVER           0.60
NUMBER OF DAYS FAIR            9
NUMBER OF DAYS PC             10
NUMBER OF DAYS CLOUDY         12

AVERAGE RH (PERCENT)     65

WEATHER CONDITIONS. NUMBER OF DAYS WITH
  0
  0
  0
  0
  1
  1
  0
HAZE                      5

-  INDICATES NEGATIVE NUMBERS.
R  INDICATES RECORD WAS SET OR TIED.
MM INDICATES DATA IS MISSING.
T  INDICATES TRACE AMOUNT.

$$
