000
CDUS43 KFGF 300639
CLIFGF


CLIMATE REPORT
NATIONAL WEATHER SERVICE EASTERN NORTH DAKOTA/GRAND FORKS
134 AM CDT FRI MAR 30 2018


...................................

...THE GRAND FORKS UNIV. (NWS) ND CLIMATE SUMMARY FOR MARCH 29 2018...

CLIMATE NORMAL PERIOD 1981 TO 2010
CLIMATE RECORD PERIOD 1893 TO 2018


WEATHER ITEM   OBSERVED TIME   RECORD YEAR NORMAL DEPARTURE LAST
                VALUE   (LST)  VALUE       VALUE  FROM      YEAR
                                                  NORMAL
..................................................................
TEMPERATURE (F)
 YESTERDAY
  MAXIMUM         34        MM  73    1986  43     -9       62
  MINIMUM         13        MM -12    1969  24    -11       32
  AVERAGE         24                        33     -9       47

PRECIPITATION (IN)
  YESTERDAY        T             0.91 1989   0.03  -0.03     0.00
  MONTH TO DATE    1.39                      0.95   0.44     0.77
  SINCE MAR 1      1.39                      0.95   0.44     0.77
  SINCE JAN 1      2.52                      2.25   0.27     1.87

SNOWFALL (IN)
  YESTERDAY        0.2           6.0  1989   0.1    0.1      0.0
  MONTH TO DATE   16.3                       6.2   10.1      0.1
  SINCE MAR 1     16.3                       6.2   10.1      0.1
  SINCE JUL 1     54.9                      41.5   13.4     43.0
  SNOW DEPTH       5

DEGREE DAYS
 HEATING
  YESTERDAY       41                        32      9       18
  MONTH TO DATE 1122                      1144    -22     1142
  SINCE MAR 1   1122                      1144    -22     1142
  SINCE JUL 1   8102                      8104     -2     7090

 COOLING
  YESTERDAY        0                         0      0        0
  MONTH TO DATE    0                         0      0        0
  SINCE MAR 1      0                         0      0        0
  SINCE JAN 1      0                         0      0        0
..................................................................


WIND (MPH)
  RESULTANT WIND SPEED  MM   RESULTANT WIND DIRECTION  MM
  HIGHEST WIND SPEED    MM   HIGHEST WIND DIRECTION    MM
  HIGHEST GUST SPEED    MM   HIGHEST GUST DIRECTION    MM
  AVERAGE WIND SPEED    MM


SKY COVER
  POSSIBLE SUNSHINE  MM
  AVERAGE SKY COVER  MM


WEATHER CONDITIONS
 THE FOLLOWING WEATHER WAS RECORDED YESTERDAY.
  NO SIGNIFICANT WEATHER WAS OBSERVED.


RELATIVE HUMIDITY (PERCENT)
 HIGHEST    MM
 LOWEST     MM
 AVERAGE    MM

..........................................................


THE GRAND FORKS UNIV. (NWS) ND CLIMATE NORMALS FOR TODAY
                         NORMAL    RECORD    YEAR
 MAXIMUM TEMPERATURE (F)   43        74      1918
 MINIMUM TEMPERATURE (F)   24       -12      1969


SUNRISE AND SUNSET
MARCH 30 2018.........SUNRISE   711 AM CDT   SUNSET   756 PM CDT
MARCH 31 2018.........SUNRISE   709 AM CDT   SUNSET   757 PM CDT


-  INDICATES NEGATIVE NUMBERS.
R  INDICATES RECORD WAS SET OR TIED.
MM INDICATES DATA IS MISSING.
T  INDICATES TRACE AMOUNT.




$$
